CRAN Package Check Results for Package webdriver

Last updated on 2025-02-01 12:48:42 CET.

Flavor Version Tinstall Tcheck Ttotal Status Flags
r-devel-linux-x86_64-debian-clang 1.0.6 4.84 27.52 32.36 NOTE
r-devel-linux-x86_64-debian-gcc 1.0.6 3.34 21.67 25.01 NOTE
r-devel-linux-x86_64-fedora-clang 1.0.6 53.56 NOTE
r-devel-linux-x86_64-fedora-gcc 1.0.6 50.31 NOTE
r-devel-windows-x86_64 1.0.6 7.00 59.00 66.00 NOTE
r-patched-linux-x86_64 1.0.6 4.48 26.71 31.19 NOTE
r-release-linux-x86_64 1.0.6 5.20 26.71 31.91 NOTE
r-release-macos-arm64 1.0.6 20.00 NOTE
r-release-macos-x86_64 1.0.6 29.00 NOTE
r-release-windows-x86_64 1.0.6 6.00 50.00 56.00 NOTE
r-oldrel-macos-arm64 1.0.6 22.00 NOTE
r-oldrel-macos-x86_64 1.0.6 27.00 NOTE
r-oldrel-windows-x86_64 1.0.6 7.00 52.00 59.00 NOTE

Check Details

Version: 1.0.6
Check: Rd files
Result: NOTE checkRd: (-1) Session.Rd:146: Lost braces 146 | sQuote{page load} timeout specifies a time to wait for the page loading | ^ Flavors: r-devel-linux-x86_64-debian-clang, r-devel-linux-x86_64-debian-gcc, r-devel-linux-x86_64-fedora-clang, r-devel-linux-x86_64-fedora-gcc, r-devel-windows-x86_64, r-patched-linux-x86_64, r-release-linux-x86_64, r-release-macos-arm64, r-release-macos-x86_64, r-release-windows-x86_64

Version: 1.0.6
Check: LazyData
Result: NOTE 'LazyData' is specified without a 'data' directory Flavors: r-patched-linux-x86_64, r-release-linux-x86_64, r-release-macos-arm64, r-release-macos-x86_64, r-release-windows-x86_64, r-oldrel-macos-arm64, r-oldrel-macos-x86_64, r-oldrel-windows-x86_64