CRAN Package Check Results for Package wcox

Last updated on 2024-07-14 06:54:39 CEST.

Flavor Version Tinstall Tcheck Ttotal Status Flags
r-devel-linux-x86_64-debian-clang 1.0 3.80 47.09 50.89 OK
r-devel-linux-x86_64-debian-gcc 1.0 3.32 36.35 39.67 OK
r-devel-linux-x86_64-fedora-clang 1.0 68.29 NOTE
r-devel-linux-x86_64-fedora-gcc 1.0 75.79 NOTE
r-devel-windows-x86_64 1.0 6.00 56.00 62.00 OK
r-patched-linux-x86_64 1.0 4.25 46.33 50.58 OK
r-release-linux-x86_64 1.0 3.00 45.20 48.20 OK
r-release-macos-arm64 1.0 27.00 OK
r-release-macos-x86_64 1.0 42.00 OK
r-release-windows-x86_64 1.0 5.00 57.00 62.00 OK
r-oldrel-macos-arm64 1.0 27.00 OK
r-oldrel-macos-x86_64 1.0 55.00 OK
r-oldrel-windows-x86_64 1.0 7.00 62.00 69.00 OK

Check Details

Version: 1.0
Check: dependencies in R code
Result: NOTE Namespace in Imports field not imported from: ‘survival’ All declared Imports should be used. Flavors: r-devel-linux-x86_64-fedora-clang, r-devel-linux-x86_64-fedora-gcc