CRAN Package Check Results for Package wbstats

Last updated on 2021-08-04 13:01:35 CEST.

Flavor Version Tinstall Tcheck Ttotal Status Flags
r-devel-linux-x86_64-debian-clang 1.0.4 5.34 45.27 50.61 OK
r-devel-linux-x86_64-debian-gcc 1.0.4 4.36 34.70 39.06 OK
r-devel-linux-x86_64-fedora-clang 1.0.4 70.51 NOTE
r-devel-linux-x86_64-fedora-gcc 1.0.4 58.40 NOTE
r-devel-windows-x86_64 1.0.4 10.00 63.00 73.00 OK
r-devel-windows-x86_64-gcc10-UCRT 1.0.4 NOTE
r-patched-linux-x86_64 1.0.4 5.29 42.99 48.28 OK
r-patched-solaris-x86 1.0.4 85.40 NOTE
r-release-linux-x86_64 1.0.4 5.07 42.55 47.62 OK
r-release-macos-arm64 1.0.4 NOTE
r-release-macos-x86_64 1.0.4 NOTE
r-release-windows-ix86+x86_64 1.0.4 11.00 47.00 58.00 OK
r-oldrel-macos-x86_64 1.0.4 NOTE
r-oldrel-windows-ix86+x86_64 1.0.4 8.00 64.00 72.00 OK

Check Details

Version: 1.0.4
Check: data for non-ASCII characters
Result: NOTE
     Note: found 3133 marked UTF-8 strings
Flavors: r-devel-linux-x86_64-fedora-clang, r-devel-linux-x86_64-fedora-gcc, r-devel-windows-x86_64-gcc10-UCRT, r-patched-solaris-x86, r-release-macos-arm64, r-release-macos-x86_64, r-oldrel-macos-x86_64