Last updated on 2024-04-18 06:10:05 CEST.
Flavor | Version | Tinstall | Tcheck | Ttotal | Status | Flags |
---|---|---|---|---|---|---|
r-devel-linux-x86_64-debian-clang | 1.1.0 | 2.51 | 235.08 | 237.59 | NOTE | |
r-devel-linux-x86_64-debian-gcc | 1.1.0 | 1.29 | 154.30 | 155.59 | NOTE | |
r-devel-linux-x86_64-fedora-clang | 1.1.0 | 282.41 | NOTE | |||
r-devel-linux-x86_64-fedora-gcc | 1.1.0 | 278.53 | NOTE | |||
r-prerel-macos-arm64 | 1.1.0 | 63.00 | NOTE | |||
r-prerel-windows-x86_64 | 1.1.0 | 3.00 | 192.00 | 195.00 | NOTE | |
r-patched-linux-x86_64 | 1.1.0 | 2.64 | 217.51 | 220.15 | NOTE | |
r-release-linux-x86_64 | 1.1.0 | 2.52 | 208.61 | 211.13 | NOTE | |
r-release-macos-arm64 | 1.1.0 | 79.00 | NOTE | |||
r-release-macos-x86_64 | 1.1.0 | 128.00 | NOTE | |||
r-release-windows-x86_64 | 1.1.0 | 3.00 | 229.00 | 232.00 | NOTE | |
r-oldrel-macos-arm64 | 1.1.0 | 62.00 | NOTE | |||
r-oldrel-windows-x86_64 | 1.1.0 | 3.00 | 238.00 | 241.00 | NOTE |
Version: 1.1.0
Check: LazyData
Result: NOTE
'LazyData' is specified without a 'data' directory
Flavors: r-devel-linux-x86_64-debian-clang, r-devel-linux-x86_64-debian-gcc, r-devel-linux-x86_64-fedora-clang, r-devel-linux-x86_64-fedora-gcc, r-prerel-macos-arm64, r-prerel-windows-x86_64, r-patched-linux-x86_64, r-release-linux-x86_64, r-release-macos-arm64, r-release-macos-x86_64, r-release-windows-x86_64, r-oldrel-macos-arm64, r-oldrel-windows-x86_64