CRAN Package Check Results for Package waterquality

Last updated on 2021-11-29 21:51:57 CET.

Flavor Version Tinstall Tcheck Ttotal Status Flags
r-devel-linux-x86_64-debian-clang 0.2.6 48.10 493.60 541.70 OK
r-devel-linux-x86_64-debian-gcc 0.2.6 37.76 386.03 423.79 OK
r-devel-linux-x86_64-fedora-clang 0.2.6 687.87 NOTE
r-devel-linux-x86_64-fedora-gcc 0.2.6 637.56 NOTE
r-devel-windows-x86_64-new-UL 0.2.6 71.00 564.00 635.00 OK
r-devel-windows-x86_64-new-TK 0.2.6 NOTE
r-devel-windows-x86_64-old 0.2.6 67.00 409.00 476.00 OK
r-patched-linux-x86_64 0.2.6 43.73 478.75 522.48 OK
r-patched-solaris-x86 0.2.6 776.60 NOTE
r-release-linux-x86_64 0.2.6 43.55 484.98 528.53 OK
r-release-macos-arm64 0.2.6 NOTE
r-release-macos-x86_64 0.2.6 NOTE
r-release-windows-ix86+x86_64 0.2.6 94.00 405.00 499.00 OK
r-oldrel-macos-x86_64 0.2.6 NOTE
r-oldrel-windows-ix86+x86_64 0.2.6 68.00 434.00 502.00 OK

Check Details

Version: 0.2.6
Check: dependencies in R code
Result: NOTE
    Namespaces in Imports field not imported from:
     ‘rgdal’ ‘vctrs’
     All declared Imports should be used.
Flavors: r-devel-linux-x86_64-fedora-clang, r-devel-linux-x86_64-fedora-gcc, r-devel-windows-x86_64-new-TK, r-patched-solaris-x86, r-release-macos-arm64, r-release-macos-x86_64, r-oldrel-macos-x86_64