Last updated on 2022-05-26 21:50:21 CEST.
Flavor | Version | Tinstall | Tcheck | Ttotal | Status | Flags |
---|---|---|---|---|---|---|
r-devel-linux-x86_64-debian-clang | 1.0.0 | 44.58 | 60.53 | 105.11 | OK | |
r-devel-linux-x86_64-debian-gcc | 1.0.0 | 33.87 | 56.98 | 90.85 | OK | |
r-devel-linux-x86_64-fedora-clang | 1.0.0 | 139.62 | NOTE | |||
r-devel-linux-x86_64-fedora-gcc | 1.0.0 | 130.75 | NOTE | |||
r-devel-windows-x86_64 | 1.0.0 | 49.00 | 119.00 | 168.00 | OK | |
r-patched-linux-x86_64 | 1.0.0 | 37.80 | 66.08 | 103.88 | OK | |
r-release-linux-x86_64 | 1.0.0 | 35.32 | 65.23 | 100.55 | OK | |
r-release-macos-arm64 | 1.0.0 | 37.00 | NOTE | |||
r-release-macos-x86_64 | 1.0.0 | 47.00 | NOTE | |||
r-release-windows-x86_64 | 1.0.0 | 41.00 | 117.00 | 158.00 | OK | |
r-oldrel-macos-arm64 | 1.0.0 | 38.00 | NOTE | |||
r-oldrel-macos-x86_64 | 1.0.0 | 71.00 | NOTE | |||
r-oldrel-windows-ix86+x86_64 | 1.0.0 | 112.00 | 132.00 | 244.00 | OK |
Version: 1.0.0
Check: dependencies in R code
Result: NOTE
Namespace in Imports field not imported from: ‘methods’
All declared Imports should be used.
Flavors: r-devel-linux-x86_64-fedora-clang, r-devel-linux-x86_64-fedora-gcc, r-release-macos-arm64, r-release-macos-x86_64, r-oldrel-macos-arm64, r-oldrel-macos-x86_64