Last updated on 2022-08-10 12:56:31 CEST.
Flavor | Version | Tinstall | Tcheck | Ttotal | Status | Flags |
---|---|---|---|---|---|---|
r-devel-linux-x86_64-debian-clang | 0.2.0 | 5.58 | 55.56 | 61.14 | NOTE | |
r-devel-linux-x86_64-debian-gcc | 0.2.0 | 3.90 | 40.79 | 44.69 | NOTE | |
r-devel-linux-x86_64-fedora-clang | 0.2.0 | 83.70 | NOTE | |||
r-devel-linux-x86_64-fedora-gcc | 0.2.0 | 83.12 | NOTE | |||
r-devel-windows-x86_64 | 0.2.0 | 18.00 | 80.00 | 98.00 | NOTE | |
r-patched-linux-x86_64 | 0.2.0 | 4.90 | 54.01 | 58.91 | NOTE | |
r-release-linux-x86_64 | 0.2.0 | NOTE | ||||
r-release-macos-arm64 | 0.2.0 | 27.00 | NOTE | |||
r-release-macos-x86_64 | 0.2.0 | 44.00 | NOTE | |||
r-release-windows-x86_64 | 0.2.0 | 27.00 | 81.00 | 108.00 | NOTE | |
r-oldrel-macos-arm64 | 0.2.0 | 34.00 | NOTE | |||
r-oldrel-macos-x86_64 | 0.2.0 | 61.00 | NOTE | |||
r-oldrel-windows-ix86+x86_64 | 0.2.0 | 18.00 | 127.00 | 145.00 | NOTE |
Version: 0.2.0
Check: LazyData
Result: NOTE
'LazyData' is specified without a 'data' directory
Flavors: r-devel-linux-x86_64-debian-clang, r-devel-linux-x86_64-debian-gcc, r-devel-linux-x86_64-fedora-clang, r-devel-linux-x86_64-fedora-gcc, r-devel-windows-x86_64, r-patched-linux-x86_64, r-release-linux-x86_64, r-release-macos-arm64, r-release-macos-x86_64, r-release-windows-x86_64, r-oldrel-macos-arm64, r-oldrel-macos-x86_64, r-oldrel-windows-ix86+x86_64