CRAN Package Check Results for Package warbleR

Last updated on 2022-01-17 06:53:33 CET.

Flavor Version Tinstall Tcheck Ttotal Status Flags
r-devel-linux-x86_64-debian-clang 1.1.26 43.75 226.98 270.73 OK
r-devel-linux-x86_64-debian-gcc 1.1.26 34.59 166.74 201.33 OK
r-devel-linux-x86_64-fedora-clang 1.1.26 342.37 NOTE
r-devel-linux-x86_64-fedora-gcc 1.1.26 320.42 NOTE
r-devel-windows-x86_64-new-UL 1.1.26 185.00 308.00 493.00 NOTE
r-devel-windows-x86_64-new-TK 1.1.26 ERROR
r-patched-linux-x86_64 1.1.26 46.22 225.13 271.35 OK
r-release-linux-x86_64 1.1.26 OK
r-release-macos-arm64 1.1.26 NOTE
r-release-macos-x86_64 1.1.26 NOTE
r-release-windows-ix86+x86_64 1.1.26 89.00 371.00 460.00 NOTE
r-oldrel-macos-x86_64 1.1.26 NOTE
r-oldrel-windows-ix86+x86_64 1.1.26 88.00 369.00 457.00 NOTE

Check Details

Version: 1.1.26
Check: installed package size
Result: NOTE
     installed size is 7.6Mb
     sub-directories of 1Mb or more:
     R 1.1Mb
     doc 5.5Mb
Flavors: r-devel-linux-x86_64-fedora-clang, r-devel-windows-x86_64-new-UL, r-release-macos-arm64, r-release-macos-x86_64, r-release-windows-ix86+x86_64, r-oldrel-macos-x86_64, r-oldrel-windows-ix86+x86_64

Version: 1.1.26
Check: dependencies in R code
Result: NOTE
    Namespace in Imports field not imported from: ‘stringi’
     All declared Imports should be used.
Flavors: r-devel-linux-x86_64-fedora-clang, r-devel-linux-x86_64-fedora-gcc, r-devel-windows-x86_64-new-TK, r-release-macos-arm64, r-release-macos-x86_64, r-oldrel-macos-x86_64

Version: 1.1.26
Check: examples
Result: ERROR
    Running examples in 'warbleR-Ex.R' failed
    The error most likely occurred in:
    
    > ### Name: image_to_wave
    > ### Title: Convert images into wave objects
    > ### Aliases: image_to_wave
    >
    > ### ** Examples
    >
    > {
    + ### create image with text to use in the spectrogram
    + # remove margins of plot
    + par(mar = rep(0, 4))
    +
    + # empty plot
    + plot(0, type='n',axes = FALSE, ann = FALSE, xlim = c(0, 1), ylim = c(0, 1))
    +
    + # text to include
    + text <- " warbleR "
    +
    + # add text
    + text(x = 0.5, y = 0.5, labels = text, cex = 11, font = 1)
    +
    + # save image in temporary directory
    + dev2bitmap(file.path(tempdir(), "temp-img.png"), type = "pngmono", res = 30)
    +
    + # read it
    + wv <- image_to_wave(file = file.path(tempdir(), "temp-img.png"), plot = TRUE, flim = c(1, 12))
    +
    + # output wave object
    + # wv
    +
    + ## plot it
    + # reset margins
    + par(mar = c(5, 4, 4, 2) + 0.1)
    +
    + # plot spectrogram
    + # spectro(wave = wv, scale = FALSE, collevels = seq(-30, 0, 5),
    + # palette = reverse.terrain.colors, ovlp = 90, grid = FALSE, flim = c(2, 11))
    + }
    Error in dev2bitmap(file.path(tempdir(), "temp-img.png"), type = "pngmono", :
     GhostScript was not found
    Execution halted
Flavor: r-devel-windows-x86_64-new-TK