Last updated on 2023-04-02 12:56:23 CEST.
Flavor | Version | Tinstall | Tcheck | Ttotal | Status | Flags |
---|---|---|---|---|---|---|
r-devel-linux-x86_64-debian-clang | 1.0.5 | 18.10 | 38.41 | 56.51 | OK | |
r-devel-linux-x86_64-debian-gcc | 1.0.5 | 14.36 | 29.40 | 43.76 | OK | |
r-devel-linux-x86_64-fedora-clang | 1.0.5 | 71.14 | NOTE | |||
r-devel-linux-x86_64-fedora-gcc | 1.0.5 | 68.58 | NOTE | |||
r-patched-linux-x86_64 | 1.0.5 | 16.31 | 36.53 | 52.84 | OK | |
r-release-linux-x86_64 | 1.0.5 | 15.53 | 37.07 | 52.60 | OK | |
r-release-macos-arm64 | 1.0.5 | 26.00 | NOTE | |||
r-release-macos-x86_64 | 1.0.5 | 32.00 | NOTE | |||
r-release-windows-x86_64 | 1.0.5 | 21.00 | 71.00 | 92.00 | OK | |
r-oldrel-macos-arm64 | 1.0.5 | 26.00 | NOTE | |||
r-oldrel-macos-x86_64 | 1.0.5 | 37.00 | NOTE | |||
r-oldrel-windows-ix86+x86_64 | 1.0.5 | 30.00 | 62.00 | 92.00 | OK |
Version: 1.0.5
Check: dependencies in R code
Result: NOTE
Namespaces in Imports field not imported from:
‘R6’ ‘WRS2’ ‘ggplot2’
All declared Imports should be used.
Flavors: r-devel-linux-x86_64-fedora-clang, r-devel-linux-x86_64-fedora-gcc, r-release-macos-arm64, r-release-macos-x86_64, r-oldrel-macos-arm64, r-oldrel-macos-x86_64