Last updated on 2024-04-23 12:49:47 CEST.
Flavor | Version | Tinstall | Tcheck | Ttotal | Status | Flags |
---|---|---|---|---|---|---|
r-devel-linux-x86_64-debian-clang | 0.0.1 | 3.06 | 39.46 | 42.52 | NOTE | |
r-devel-linux-x86_64-debian-gcc | 0.0.1 | 2.52 | 30.45 | 32.97 | NOTE | |
r-devel-linux-x86_64-fedora-clang | 0.0.1 | 54.77 | NOTE | |||
r-devel-linux-x86_64-fedora-gcc | 0.0.1 | 50.91 | NOTE | |||
r-prerel-macos-arm64 | 0.0.1 | 21.00 | NOTE | |||
r-prerel-windows-x86_64 | 0.0.1 | 5.00 | 51.00 | 56.00 | NOTE | |
r-patched-linux-x86_64 | 0.0.1 | 2.96 | 38.44 | 41.40 | NOTE | |
r-release-linux-x86_64 | 0.0.1 | 3.05 | 38.45 | 41.50 | NOTE | |
r-release-macos-arm64 | 0.0.1 | 23.00 | NOTE | |||
r-release-macos-x86_64 | 0.0.1 | 31.00 | NOTE | |||
r-release-windows-x86_64 | 0.0.1 | 5.00 | 55.00 | 60.00 | NOTE | |
r-oldrel-macos-arm64 | 0.0.1 | 21.00 | NOTE | |||
r-oldrel-windows-x86_64 | 0.0.1 | 5.00 | 73.00 | 78.00 | NOTE |
Version: 0.0.1
Check: LazyData
Result: NOTE
'LazyData' is specified without a 'data' directory
Flavors: r-devel-linux-x86_64-debian-clang, r-devel-linux-x86_64-debian-gcc, r-devel-linux-x86_64-fedora-clang, r-devel-linux-x86_64-fedora-gcc, r-prerel-macos-arm64, r-prerel-windows-x86_64, r-patched-linux-x86_64, r-release-linux-x86_64, r-release-macos-arm64, r-release-macos-x86_64, r-release-windows-x86_64, r-oldrel-macos-arm64, r-oldrel-windows-x86_64
Version: 0.0.1
Check: dependencies in R code
Result: NOTE
Namespaces in Imports field not imported from:
‘Matrix’ ‘R6’
All declared Imports should be used.
Flavors: r-devel-linux-x86_64-fedora-clang, r-devel-linux-x86_64-fedora-gcc, r-oldrel-macos-arm64