CRAN Package Check Results for Package wISAM

Last updated on 2023-03-30 21:50:20 CEST.

Flavor Version Tinstall Tcheck Ttotal Status Flags
r-devel-linux-x86_64-debian-clang 0.2.8 3.25 40.77 44.02 OK
r-devel-linux-x86_64-debian-gcc 0.2.8 1.87 31.13 33.00 OK
r-devel-linux-x86_64-fedora-clang 0.2.8 54.73 NOTE
r-devel-linux-x86_64-fedora-gcc 0.2.8 52.81 NOTE
r-patched-linux-x86_64 0.2.8 2.66 39.10 41.76 OK
r-release-linux-x86_64 0.2.8 3.06 41.29 44.35 OK
r-release-macos-arm64 0.2.8 22.00 NOTE
r-release-macos-x86_64 0.2.8 38.00 NOTE
r-release-windows-x86_64 0.2.8 8.00 80.00 88.00 OK
r-oldrel-macos-arm64 0.2.8 24.00 NOTE
r-oldrel-macos-x86_64 0.2.8 51.00 NOTE
r-oldrel-windows-ix86+x86_64 0.2.8 8.00 74.00 82.00 OK

Check Details

Version: 0.2.8
Check: dependencies in R code
Result: NOTE
    Namespace in Imports field not imported from: ‘MASS’
     All declared Imports should be used.
Flavors: r-devel-linux-x86_64-fedora-clang, r-devel-linux-x86_64-fedora-gcc, r-release-macos-arm64, r-release-macos-x86_64, r-oldrel-macos-arm64, r-oldrel-macos-x86_64