Last updated on 2024-04-24 21:55:03 CEST.
Flavor | Version | Tinstall | Tcheck | Ttotal | Status | Flags |
---|---|---|---|---|---|---|
r-devel-linux-x86_64-debian-clang | 0.2.8 | 2.00 | 38.59 | 40.59 | OK | |
r-devel-linux-x86_64-debian-gcc | 0.2.8 | 2.37 | 31.51 | 33.88 | OK | |
r-devel-linux-x86_64-fedora-clang | 0.2.8 | 53.11 | NOTE | |||
r-devel-linux-x86_64-fedora-gcc | 0.2.8 | 52.98 | NOTE | |||
r-devel-windows-x86_64 | 0.2.8 | 5.00 | 58.00 | 63.00 | OK | |
r-patched-linux-x86_64 | 0.2.8 | 2.60 | 40.26 | 42.86 | OK | |
r-release-linux-x86_64 | 0.2.8 | 2.58 | 39.43 | 42.01 | OK | |
r-release-macos-arm64 | 0.2.8 | 23.00 | OK | |||
r-release-windows-x86_64 | 0.2.8 | 3.00 | 57.00 | 60.00 | OK | |
r-oldrel-macos-arm64 | 0.2.8 | 25.00 | OK | |||
r-oldrel-macos-x86_64 | 0.2.8 | 39.00 | OK | |||
r-oldrel-windows-x86_64 | 0.2.8 | 6.00 | 62.00 | 68.00 | OK |
Version: 0.2.8
Check: dependencies in R code
Result: NOTE
Namespace in Imports field not imported from: ‘MASS’
All declared Imports should be used.
Flavors: r-devel-linux-x86_64-fedora-clang, r-devel-linux-x86_64-fedora-gcc