Last updated on 2024-04-24 06:19:32 CEST.
Flavor | Version | Tinstall | Tcheck | Ttotal | Status | Flags |
---|---|---|---|---|---|---|
r-devel-linux-x86_64-debian-clang | 1.1.0 | 2.84 | 26.34 | 29.18 | NOTE | |
r-devel-linux-x86_64-debian-gcc | 1.1.0 | 2.54 | 19.96 | 22.50 | NOTE | |
r-devel-linux-x86_64-fedora-clang | 1.1.0 | 38.78 | NOTE | |||
r-devel-linux-x86_64-fedora-gcc | 1.1.0 | 35.51 | NOTE | |||
r-prerel-macos-arm64 | 1.1.0 | 16.00 | NOTE | |||
r-prerel-windows-x86_64 | 1.1.0 | 6.00 | 44.00 | 50.00 | NOTE | |
r-patched-linux-x86_64 | 1.1.0 | 2.99 | 24.82 | 27.81 | NOTE | |
r-release-linux-x86_64 | 1.1.0 | 2.60 | 25.70 | 28.30 | OK | |
r-release-macos-arm64 | 1.1.0 | 18.00 | OK | |||
r-release-macos-x86_64 | 1.1.0 | 22.00 | OK | |||
r-release-windows-x86_64 | 1.1.0 | 4.00 | 45.00 | 49.00 | OK | |
r-oldrel-macos-arm64 | 1.1.0 | 15.00 | NOTE | |||
r-oldrel-windows-x86_64 | 1.1.0 | 5.00 | 45.00 | 50.00 | OK |
Version: 1.1.0
Check: Rd files
Result: NOTE
checkRd: (-1) vsts_create_release.Rd:33: Lost braces in \itemize; meant \describe ?
checkRd: (-1) vsts_create_release.Rd:34: Lost braces in \itemize; meant \describe ?
Flavors: r-devel-linux-x86_64-debian-clang, r-devel-linux-x86_64-debian-gcc, r-devel-linux-x86_64-fedora-clang, r-devel-linux-x86_64-fedora-gcc, r-prerel-macos-arm64, r-prerel-windows-x86_64, r-patched-linux-x86_64
Version: 1.1.0
Check: dependencies in R code
Result: NOTE
Namespace in Imports field not imported from: ‘R6’
All declared Imports should be used.
Flavors: r-devel-linux-x86_64-fedora-clang, r-devel-linux-x86_64-fedora-gcc, r-oldrel-macos-arm64