CRAN Package Check Results for Package vstsr

Last updated on 2020-06-06 22:51:28 CEST.

Flavor Version Tinstall Tcheck Ttotal Status Flags
r-devel-linux-x86_64-debian-clang 1.0.0 4.26 30.02 34.28 OK
r-devel-linux-x86_64-debian-gcc 1.0.0 3.29 24.19 27.48 OK
r-devel-linux-x86_64-fedora-clang 1.0.0 49.77 NOTE
r-devel-linux-x86_64-fedora-gcc 1.0.0 41.41 NOTE
r-devel-windows-ix86+x86_64 1.0.0 13.00 49.00 62.00 OK
r-patched-linux-x86_64 1.0.0 3.84 30.06 33.90 OK
r-patched-solaris-x86 1.0.0 62.90 NOTE
r-release-linux-x86_64 1.0.0 3.92 30.48 34.40 OK
r-release-osx-x86_64 1.0.0 NOTE
r-release-windows-ix86+x86_64 1.0.0 30.00 63.00 93.00 OK
r-oldrel-osx-x86_64 1.0.0 NOTE
r-oldrel-windows-ix86+x86_64 1.0.0 10.00 43.00 53.00 OK

Check Details

Version: 1.0.0
Check: dependencies in R code
Result: NOTE
    Namespace in Imports field not imported from: ‘xml2’
     All declared Imports should be used.
Flavors: r-devel-linux-x86_64-fedora-clang, r-devel-linux-x86_64-fedora-gcc, r-patched-solaris-x86, r-release-osx-x86_64, r-oldrel-osx-x86_64