Last updated on 2024-03-29 00:51:05 CET.
Flavor | Version | Tinstall | Tcheck | Ttotal | Status | Flags |
---|---|---|---|---|---|---|
r-devel-linux-x86_64-debian-clang | 0.1.1 | 9.74 | 112.42 | 122.16 | OK | |
r-devel-linux-x86_64-debian-gcc | 0.1.1 | 8.66 | 84.93 | 93.59 | OK | |
r-devel-linux-x86_64-fedora-clang | 0.1.1 | 156.55 | NOTE | |||
r-devel-linux-x86_64-fedora-gcc | 0.1.1 | 160.99 | OK | |||
r-devel-windows-x86_64 | 0.1.1 | 10.00 | 96.00 | 106.00 | OK | |
r-patched-linux-x86_64 | 0.1.1 | 15.06 | 106.16 | 121.22 | OK | |
r-release-linux-x86_64 | 0.1.1 | 9.22 | 108.55 | 117.77 | OK | |
r-release-macos-arm64 | 0.1.1 | 50.00 | OK | |||
r-release-macos-x86_64 | 0.1.1 | 87.00 | OK | |||
r-release-windows-x86_64 | 0.1.1 | 14.00 | 120.00 | 134.00 | OK | |
r-oldrel-macos-arm64 | 0.1.1 | 53.00 | OK | |||
r-oldrel-windows-x86_64 | 0.1.1 | 15.00 | 124.00 | 139.00 | OK |
Version: 0.1.1
Check: Rd cross-references
Result: NOTE
Undeclared package ‘progress’ in Rd xrefs
Flavor: r-devel-linux-x86_64-fedora-clang