CRAN Package Check Results for Package vsd

Last updated on 2023-12-05 21:50:57 CET.

Flavor Version Tinstall Tcheck Ttotal Status Flags
r-devel-linux-x86_64-debian-clang 0.1.0 9.32 96.94 106.26 OK
r-devel-linux-x86_64-debian-gcc 0.1.0 8.38 72.30 80.68 OK
r-devel-linux-x86_64-fedora-clang 0.1.0 126.60 NOTE
r-devel-linux-x86_64-fedora-gcc 0.1.0 128.84 NOTE
r-devel-windows-x86_64 0.1.0 10.00 93.00 103.00 OK
r-patched-linux-x86_64 0.1.0 15.61 92.50 108.11 OK
r-release-linux-x86_64 0.1.0 8.23 91.02 99.25 OK
r-release-macos-arm64 0.1.0 45.00 OK
r-release-macos-x86_64 0.1.0 67.00 OK
r-release-windows-x86_64 0.1.0 14.00 110.00 124.00 OK
r-oldrel-macos-arm64 0.1.0 38.00 NOTE
r-oldrel-macos-x86_64 0.1.0 68.00 NOTE
r-oldrel-windows-x86_64 0.1.0 14.00 104.00 118.00 OK

Check Details

Version: 0.1.0
Check: dependencies in R code
Result: NOTE Namespace in Imports field not imported from: ‘flexsurv’ All declared Imports should be used. Flavors: r-devel-linux-x86_64-fedora-clang, r-devel-linux-x86_64-fedora-gcc, r-oldrel-macos-arm64, r-oldrel-macos-x86_64