CRAN Package Check Results for Package vroom

Last updated on 2020-08-11 12:50:19 CEST.

Flavor Version Tinstall Tcheck Ttotal Status Flags
r-devel-linux-x86_64-debian-clang 1.2.1 231.00 78.60 309.60 OK
r-devel-linux-x86_64-debian-gcc 1.2.1 177.53 54.07 231.60 WARN
r-devel-linux-x86_64-fedora-clang 1.2.1 433.74 NOTE
r-devel-linux-x86_64-fedora-gcc 1.2.1 401.34 OK
r-devel-windows-ix86+x86_64 1.2.1 489.00 213.00 702.00 OK
r-patched-linux-x86_64 1.2.1 190.20 78.88 269.08 OK
r-patched-solaris-x86 1.2.1 346.70 WARN
r-release-linux-x86_64 1.2.1 181.34 66.93 248.27 WARN
r-release-macos-x86_64 1.2.1 NOTE
r-release-windows-ix86+x86_64 1.2.1 584.00 208.00 792.00 OK
r-oldrel-macos-x86_64 1.2.1 NOTE
r-oldrel-windows-ix86+x86_64 1.2.1 418.00 150.00 568.00 OK

Check Details

Version: 1.2.1
Check: package dependencies
Result: NOTE
    Package suggested but not available for checking: ‘tidyr’
Flavors: r-devel-linux-x86_64-debian-gcc, r-release-linux-x86_64

Version: 1.2.1
Check: re-building of vignette outputs
Result: WARN
    Error(s) in re-building vignettes:
     ...
    --- re-building ‘benchmarks.Rmd’ using rmarkdown
    Quitting from lines 11-116 (benchmarks.Rmd)
    Error: processing vignette 'benchmarks.Rmd' failed with diagnostics:
    there is no package called 'tidyr'
    --- failed re-building ‘benchmarks.Rmd’
    
    --- re-building ‘vroom.Rmd’ using rmarkdown
    --- finished re-building ‘vroom.Rmd’
    
    SUMMARY: processing the following file failed:
     ‘benchmarks.Rmd’
    
    Error: Vignette re-building failed.
    Execution halted
Flavors: r-devel-linux-x86_64-debian-gcc, r-release-linux-x86_64

Version: 1.2.1
Check: installed package size
Result: NOTE
     installed size is 14.0Mb
     sub-directories of 1Mb or more:
     libs 12.4Mb
Flavors: r-devel-linux-x86_64-fedora-clang, r-release-macos-x86_64, r-oldrel-macos-x86_64

Version: 1.2.1
Check: Rd cross-references
Result: NOTE
    Undeclared package ‘usethis’ in Rd xrefs
Flavor: r-devel-linux-x86_64-fedora-clang

Version: 1.2.1
Check: for unstated dependencies in ‘tests’
Result: WARN
    Warning in deparse(e[[2L]]) :
     it is not known that wchar_t is Unicode on this platform
    Warning in deparse(e[[2L]]) :
     it is not known that wchar_t is Unicode on this platform
Flavor: r-patched-solaris-x86