Last updated on 2023-06-09 12:58:31 CEST.
Flavor | Version | Tinstall | Tcheck | Ttotal | Status | Flags |
---|---|---|---|---|---|---|
r-devel-linux-x86_64-debian-clang | 1.3.5 | 17.44 | 155.06 | 172.50 | NOTE | |
r-devel-linux-x86_64-debian-gcc | 1.3.5 | 13.25 | 118.79 | 132.04 | NOTE | |
r-devel-linux-x86_64-fedora-clang | 1.3.5 | 208.85 | NOTE | |||
r-devel-linux-x86_64-fedora-gcc | 1.3.5 | 202.45 | NOTE | |||
r-devel-windows-x86_64 | 1.3.5 | 15.00 | 130.00 | 145.00 | NOTE | |
r-patched-linux-x86_64 | 1.3.5 | 15.47 | 145.43 | 160.90 | NOTE | |
r-release-linux-x86_64 | 1.3.5 | 14.09 | 145.30 | 159.39 | NOTE | |
r-release-macos-arm64 | 1.3.5 | 66.00 | NOTE | |||
r-release-macos-x86_64 | 1.3.5 | 99.00 | NOTE | |||
r-release-windows-x86_64 | 1.3.5 | 18.00 | 162.00 | 180.00 | NOTE | |
r-oldrel-macos-arm64 | 1.3.5 | 57.00 | NOTE | |||
r-oldrel-macos-x86_64 | 1.3.5 | 105.00 | NOTE | |||
r-oldrel-windows-x86_64 | 1.3.5 | 20.00 | 157.00 | 177.00 | NOTE |
Version: 1.3.5
Check: package subdirectories
Result: NOTE
Problems with news in ‘NEWS.md’:
No news entries found.
Flavors: r-devel-linux-x86_64-debian-clang, r-devel-linux-x86_64-debian-gcc, r-devel-linux-x86_64-fedora-clang, r-devel-linux-x86_64-fedora-gcc, r-devel-windows-x86_64, r-patched-linux-x86_64, r-release-linux-x86_64, r-release-macos-arm64, r-release-macos-x86_64, r-release-windows-x86_64
Version: 1.3.5
Check: LazyData
Result: NOTE
'LazyData' is specified without a 'data' directory
Flavors: r-devel-linux-x86_64-debian-clang, r-devel-linux-x86_64-debian-gcc, r-devel-linux-x86_64-fedora-clang, r-devel-linux-x86_64-fedora-gcc, r-devel-windows-x86_64, r-patched-linux-x86_64, r-release-linux-x86_64, r-release-macos-arm64, r-release-macos-x86_64, r-release-windows-x86_64, r-oldrel-macos-arm64, r-oldrel-macos-x86_64, r-oldrel-windows-x86_64
Version: 1.3.5
Check: dependencies in R code
Result: NOTE
Namespace in Imports field not imported from: ‘methods’
All declared Imports should be used.
Flavors: r-devel-linux-x86_64-fedora-clang, r-devel-linux-x86_64-fedora-gcc, r-oldrel-macos-arm64, r-oldrel-macos-x86_64