CRAN Package Check Results for Package vmsbase

Last updated on 2020-06-03 06:48:50 CEST.

Flavor Version Tinstall Tcheck Ttotal Status Flags
r-devel-linux-x86_64-debian-clang 2.2.1 47.86 211.16 259.02 OK
r-devel-linux-x86_64-debian-gcc 2.2.1 41.17 187.89 229.06 OK
r-devel-linux-x86_64-fedora-clang 2.2.1 318.03 NOTE
r-devel-linux-x86_64-fedora-gcc 2.2.1 309.60 OK
r-devel-windows-ix86+x86_64 2.2.1 95.00 281.00 376.00 OK
r-patched-linux-x86_64 2.2.1 49.69 208.03 257.72 OK
r-patched-solaris-x86 2.2.1 418.20 OK
r-release-linux-x86_64 2.2.1 46.83 208.29 255.12 OK
r-release-osx-x86_64 2.2.1 OK
r-release-windows-ix86+x86_64 2.2.1 62.00 197.00 259.00 OK
r-oldrel-osx-x86_64 2.2.1 ERROR
r-oldrel-windows-ix86+x86_64 2.2.1 61.00 183.00 244.00 OK

Check Details

Version: 2.2.1
Check: package dependencies
Result: NOTE
    Imports includes 23 non-default packages.
    Importing from so many packages makes the package vulnerable to any of
    them becoming unavailable. Move as many as possible to Suggests and
    use conditionally.
Flavor: r-devel-linux-x86_64-fedora-clang

Version: 2.2.1
Check: package dependencies
Result: ERROR
    Package required but not available: ‘gWidgets2RGtk2’
    
    See section ‘The DESCRIPTION file’ in the ‘Writing R Extensions’
    manual.
Flavor: r-oldrel-osx-x86_64