CRAN Package Check Results for Package vivo

Last updated on 2022-05-27 06:51:38 CEST.

Flavor Version Tinstall Tcheck Ttotal Status Flags
r-devel-linux-x86_64-debian-clang 0.2.1 6.33 102.62 108.95 NOTE
r-devel-linux-x86_64-debian-gcc 0.2.1 3.72 78.40 82.12 NOTE
r-devel-linux-x86_64-fedora-clang 0.2.1 135.88 NOTE
r-devel-linux-x86_64-fedora-gcc 0.2.1 116.53 NOTE
r-devel-windows-x86_64 0.2.1 13.00 130.00 143.00 NOTE
r-patched-linux-x86_64 0.2.1 4.62 98.61 103.23 NOTE
r-release-linux-x86_64 0.2.1 4.06 98.43 102.49 NOTE
r-release-macos-arm64 0.2.1 61.00 NOTE
r-release-macos-x86_64 0.2.1 72.00 NOTE
r-release-windows-x86_64 0.2.1 15.00 132.00 147.00 NOTE
r-oldrel-macos-arm64 0.2.1 66.00 NOTE
r-oldrel-macos-x86_64 0.2.1 75.00 NOTE
r-oldrel-windows-ix86+x86_64 0.2.1 16.00 122.00 138.00 NOTE

Check Details

Version: 0.2.1
Check: LazyData
Result: NOTE
     'LazyData' is specified without a 'data' directory
Flavors: r-devel-linux-x86_64-debian-clang, r-devel-linux-x86_64-debian-gcc, r-devel-linux-x86_64-fedora-clang, r-devel-linux-x86_64-fedora-gcc, r-devel-windows-x86_64, r-patched-linux-x86_64, r-release-linux-x86_64, r-release-macos-arm64, r-release-macos-x86_64, r-release-windows-x86_64, r-oldrel-macos-arm64, r-oldrel-macos-x86_64, r-oldrel-windows-ix86+x86_64