Last updated on 2025-05-11 21:50:26 CEST.
Flavor | Version | Tinstall | Tcheck | Ttotal | Status | Flags |
---|---|---|---|---|---|---|
r-devel-linux-x86_64-debian-clang | 0.2.1 | 5.31 | 81.60 | 86.91 | OK | |
r-devel-linux-x86_64-debian-gcc | 0.2.1 | 3.89 | 61.61 | 65.50 | OK | |
r-devel-linux-x86_64-fedora-clang | 0.2.1 | 122.65 | OK | |||
r-devel-linux-x86_64-fedora-gcc | 0.2.1 | 144.41 | OK | |||
r-devel-windows-x86_64 | 0.2.1 | 6.00 | 170.00 | 176.00 | OK | |
r-patched-linux-x86_64 | 0.2.1 | 4.59 | 76.35 | 80.94 | OK | |
r-release-linux-x86_64 | 0.2.1 | 4.14 | 76.56 | 80.70 | OK | |
r-release-macos-arm64 | 0.2.1 | 57.00 | OK | |||
r-release-macos-x86_64 | 0.2.1 | 102.00 | OK | |||
r-release-windows-x86_64 | 0.2.1 | 8.00 | 95.00 | 103.00 | OK | |
r-oldrel-macos-arm64 | 0.2.1 | 57.00 | NOTE | |||
r-oldrel-macos-x86_64 | 0.2.1 | 75.00 | NOTE | |||
r-oldrel-windows-x86_64 | 0.2.1 | 9.00 | 115.00 | 124.00 | NOTE |
Version: 0.2.1
Check: LazyData
Result: NOTE
'LazyData' is specified without a 'data' directory
Flavors: r-oldrel-macos-arm64, r-oldrel-macos-x86_64, r-oldrel-windows-x86_64