Last updated on 2024-03-29 12:54:21 CET.
Flavor | Version | Tinstall | Tcheck | Ttotal | Status | Flags |
---|---|---|---|---|---|---|
r-devel-linux-x86_64-debian-clang | 1.0.0 | 38.53 | 45.00 | 83.53 | NOTE | |
r-devel-linux-x86_64-debian-gcc | 1.0.0 | 25.54 | 34.63 | 60.17 | NOTE | |
r-devel-linux-x86_64-fedora-clang | 1.0.0 | 109.53 | NOTE | |||
r-devel-linux-x86_64-fedora-gcc | 1.0.0 | 107.55 | NOTE | |||
r-devel-windows-x86_64 | 1.0.0 | 27.00 | 71.00 | 98.00 | NOTE | |
r-patched-linux-x86_64 | 1.0.0 | 38.36 | 42.76 | 81.12 | NOTE | |
r-release-linux-x86_64 | 1.0.0 | 30.87 | 43.70 | 74.57 | NOTE | |
r-release-macos-arm64 | 1.0.0 | 34.00 | NOTE | |||
r-release-macos-x86_64 | 1.0.0 | 52.00 | NOTE | |||
r-release-windows-x86_64 | 1.0.0 | 26.00 | 84.00 | 110.00 | NOTE | |
r-oldrel-macos-arm64 | 1.0.0 | 34.00 | NOTE | |||
r-oldrel-windows-x86_64 | 1.0.0 | 33.00 | 84.00 | 117.00 | NOTE |
Version: 1.0.0
Check: LazyData
Result: NOTE
'LazyData' is specified without a 'data' directory
Flavors: r-devel-linux-x86_64-debian-clang, r-devel-linux-x86_64-debian-gcc, r-devel-linux-x86_64-fedora-clang, r-devel-linux-x86_64-fedora-gcc, r-devel-windows-x86_64, r-patched-linux-x86_64, r-release-linux-x86_64, r-release-macos-arm64, r-release-macos-x86_64, r-release-windows-x86_64, r-oldrel-macos-arm64, r-oldrel-windows-x86_64
Version: 1.0.0
Check: compiled code
Result: NOTE
File ‘vita/libs/vita.so’:
Found no calls to: ‘R_registerRoutines’, ‘R_useDynamicSymbols’
It is good practice to register native routines and to disable symbol
search.
See ‘Writing portable packages’ in the ‘Writing R Extensions’ manual.
Flavors: r-devel-linux-x86_64-fedora-clang, r-devel-linux-x86_64-fedora-gcc