Last updated on 2022-05-28 21:50:54 CEST.
Flavor | Version | Tinstall | Tcheck | Ttotal | Status | Flags |
---|---|---|---|---|---|---|
r-devel-linux-x86_64-debian-clang | 2.1 | 120.92 | 129.98 | 250.90 | NOTE | |
r-devel-linux-x86_64-debian-gcc | 2.1 | 105.73 | 99.28 | 205.01 | NOTE | |
r-devel-linux-x86_64-fedora-clang | 2.1 | 322.75 | NOTE | |||
r-devel-linux-x86_64-fedora-gcc | 2.1 | 319.54 | NOTE | |||
r-devel-windows-x86_64 | 2.1 | 92.00 | 173.00 | 265.00 | NOTE | |
r-patched-linux-x86_64 | 2.1 | 96.35 | 130.86 | 227.21 | NOTE | |
r-release-linux-x86_64 | 2.1 | 106.40 | 130.16 | 236.56 | NOTE | |
r-release-macos-arm64 | 2.1 | 84.00 | NOTE | |||
r-release-macos-x86_64 | 2.1 | 142.00 | NOTE | |||
r-release-windows-x86_64 | 2.1 | 95.00 | 175.00 | 270.00 | NOTE | |
r-oldrel-macos-arm64 | 2.1 | 96.00 | NOTE | |||
r-oldrel-macos-x86_64 | 2.1 | 139.00 | NOTE | |||
r-oldrel-windows-ix86+x86_64 | 2.1 | 267.00 | 216.00 | 483.00 | NOTE |
Version: 2.1
Check: LazyData
Result: NOTE
'LazyData' is specified without a 'data' directory
Flavors: r-devel-linux-x86_64-debian-clang, r-devel-linux-x86_64-debian-gcc, r-devel-linux-x86_64-fedora-clang, r-devel-linux-x86_64-fedora-gcc, r-devel-windows-x86_64, r-patched-linux-x86_64, r-release-linux-x86_64, r-release-macos-arm64, r-release-macos-x86_64, r-release-windows-x86_64, r-oldrel-macos-arm64, r-oldrel-macos-x86_64, r-oldrel-windows-ix86+x86_64
Version: 2.1
Check: for GNU extensions in Makefiles
Result: NOTE
GNU make is a SystemRequirements.
Flavors: r-devel-linux-x86_64-debian-clang, r-devel-linux-x86_64-debian-gcc, r-devel-linux-x86_64-fedora-clang, r-devel-linux-x86_64-fedora-gcc, r-devel-windows-x86_64, r-patched-linux-x86_64, r-release-linux-x86_64, r-release-macos-arm64, r-release-macos-x86_64, r-release-windows-x86_64, r-oldrel-macos-arm64, r-oldrel-macos-x86_64, r-oldrel-windows-ix86+x86_64
Version: 2.1
Check: installed package size
Result: NOTE
installed size is 21.4Mb
sub-directories of 1Mb or more:
libs 20.7Mb
Flavors: r-devel-linux-x86_64-fedora-clang, r-release-macos-arm64, r-release-macos-x86_64, r-oldrel-macos-arm64, r-oldrel-macos-x86_64
Version: 2.1
Check: dependencies in R code
Result: NOTE
Namespace in Imports field not imported from: ‘sqldf’
All declared Imports should be used.
Flavors: r-devel-linux-x86_64-fedora-clang, r-devel-linux-x86_64-fedora-gcc, r-release-macos-arm64, r-release-macos-x86_64, r-oldrel-macos-arm64, r-oldrel-macos-x86_64