CRAN Package Check Results for Package vindecodr

Last updated on 2021-10-16 11:52:11 CEST.

Flavor Version Tinstall Tcheck Ttotal Status Flags
r-devel-linux-x86_64-debian-clang 0.1.1 2.18 19.83 22.01 NOTE
r-devel-linux-x86_64-debian-gcc 0.1.1 1.72 16.16 17.88 NOTE
r-devel-linux-x86_64-fedora-clang 0.1.1 37.56 NOTE
r-devel-linux-x86_64-fedora-gcc 0.1.1 26.41 NOTE
r-devel-windows-x86_64 0.1.1 3.00 26.00 29.00 NOTE
r-devel-windows-x86_64-gcc10-UCRT 0.1.1 NOTE
r-patched-linux-x86_64 0.1.1 2.32 19.77 22.09 NOTE
r-patched-solaris-x86 0.1.1 42.10 NOTE
r-release-linux-x86_64 0.1.1 2.14 20.04 22.18 NOTE
r-release-macos-arm64 0.1.1 NOTE
r-release-macos-x86_64 0.1.1 NOTE
r-release-windows-ix86+x86_64 0.1.1 5.00 38.00 43.00 NOTE
r-oldrel-macos-x86_64 0.1.1 OK
r-oldrel-windows-ix86+x86_64 0.1.1 5.00 38.00 43.00 OK

Check Details

Version: 0.1.1
Check: LazyData
Result: NOTE
     'LazyData' is specified without a 'data' directory
Flavors: r-devel-linux-x86_64-debian-clang, r-devel-linux-x86_64-debian-gcc, r-devel-linux-x86_64-fedora-clang, r-devel-linux-x86_64-fedora-gcc, r-devel-windows-x86_64, r-devel-windows-x86_64-gcc10-UCRT, r-patched-linux-x86_64, r-patched-solaris-x86, r-release-linux-x86_64, r-release-macos-arm64, r-release-macos-x86_64, r-release-windows-ix86+x86_64