CRAN Package Check Results for Package vindecodr

Last updated on 2021-08-01 06:49:46 CEST.

Flavor Version Tinstall Tcheck Ttotal Status Flags
r-devel-linux-x86_64-debian-clang 0.1.1 2.01 21.49 23.50 NOTE
r-devel-linux-x86_64-debian-gcc 0.1.1 1.62 17.17 18.79 NOTE
r-devel-linux-x86_64-fedora-clang 0.1.1 37.99 NOTE
r-devel-linux-x86_64-fedora-gcc 0.1.1 26.89 NOTE
r-devel-windows-x86_64 0.1.1 3.00 36.00 39.00 NOTE
r-devel-windows-x86_64-gcc10-UCRT 0.1.1 NOTE
r-patched-linux-x86_64 0.1.1 NOTE
r-patched-solaris-x86 0.1.1 42.70 NOTE
r-release-linux-x86_64 0.1.1 2.10 20.99 23.09 NOTE
r-release-macos-arm64 0.1.1 NOTE
r-release-macos-x86_64 0.1.1 NOTE
r-release-windows-ix86+x86_64 0.1.1 5.00 28.00 33.00 NOTE
r-oldrel-macos-x86_64 0.1.1 OK
r-oldrel-windows-ix86+x86_64 0.1.1 4.00 33.00 37.00 OK

Check Details

Version: 0.1.1
Check: LazyData
Result: NOTE
     'LazyData' is specified without a 'data' directory
Flavors: r-devel-linux-x86_64-debian-clang, r-devel-linux-x86_64-debian-gcc, r-devel-linux-x86_64-fedora-clang, r-devel-linux-x86_64-fedora-gcc, r-devel-windows-x86_64, r-devel-windows-x86_64-gcc10-UCRT, r-patched-linux-x86_64, r-patched-solaris-x86, r-release-linux-x86_64, r-release-macos-arm64, r-release-macos-x86_64, r-release-windows-ix86+x86_64