Last updated on 2024-04-23 12:49:47 CEST.
Flavor | Version | Tinstall | Tcheck | Ttotal | Status | Flags |
---|---|---|---|---|---|---|
r-devel-linux-x86_64-debian-clang | 2.3.3 | 10.40 | 305.84 | 316.24 | NOTE | |
r-devel-linux-x86_64-debian-gcc | 2.3.3 | 7.22 | 240.42 | 247.64 | NOTE | |
r-devel-linux-x86_64-fedora-clang | 2.3.3 | 402.74 | NOTE | |||
r-devel-linux-x86_64-fedora-gcc | 2.3.3 | 402.18 | NOTE | |||
r-prerel-macos-arm64 | 2.3.3 | 133.00 | NOTE | |||
r-prerel-windows-x86_64 | 2.3.3 | 10.00 | 282.00 | 292.00 | NOTE | |
r-patched-linux-x86_64 | 2.3.3 | 10.39 | 298.77 | 309.16 | NOTE | |
r-release-linux-x86_64 | 2.3.3 | 7.74 | 294.60 | 302.34 | OK | |
r-release-macos-arm64 | 2.3.3 | 135.00 | OK | |||
r-release-macos-x86_64 | 2.3.3 | 327.00 | OK | |||
r-release-windows-x86_64 | 2.3.3 | 13.00 | 327.00 | 340.00 | OK | |
r-oldrel-macos-arm64 | 2.3.3 | 123.00 | OK | |||
r-oldrel-windows-x86_64 | 2.3.3 | 11.00 | 302.00 | 313.00 | OK |
Version: 2.3.3
Check: Rd files
Result: NOTE
checkRd: (-1) average_vim.Rd:18: Lost braces in \itemize; \value handles \item{}{} directly
checkRd: (-1) average_vim.Rd:19: Lost braces in \itemize; \value handles \item{}{} directly
checkRd: (-1) average_vim.Rd:20: Lost braces in \itemize; \value handles \item{}{} directly
checkRd: (-1) average_vim.Rd:21: Lost braces in \itemize; \value handles \item{}{} directly
checkRd: (-1) average_vim.Rd:22: Lost braces in \itemize; \value handles \item{}{} directly
checkRd: (-1) average_vim.Rd:23: Lost braces in \itemize; \value handles \item{}{} directly
checkRd: (-1) average_vim.Rd:24: Lost braces in \itemize; \value handles \item{}{} directly
checkRd: (-1) average_vim.Rd:25: Lost braces in \itemize; \value handles \item{}{} directly
checkRd: (-1) average_vim.Rd:26: Lost braces in \itemize; \value handles \item{}{} directly
checkRd: (-1) average_vim.Rd:27: Lost braces in \itemize; \value handles \item{}{} directly
checkRd: (-1) average_vim.Rd:28: Lost braces in \itemize; \value handles \item{}{} directly
checkRd: (-1) average_vim.Rd:29: Lost braces in \itemize; \value handles \item{}{} directly
checkRd: (-1) merge_vim.Rd:16: Lost braces in \itemize; \value handles \item{}{} directly
checkRd: (-1) merge_vim.Rd:17: Lost braces in \itemize; \value handles \item{}{} directly
checkRd: (-1) merge_vim.Rd:18: Lost braces in \itemize; \value handles \item{}{} directly
checkRd: (-1) merge_vim.Rd:19: Lost braces in \itemize; \value handles \item{}{} directly
checkRd: (-1) merge_vim.Rd:20: Lost braces in \itemize; \value handles \item{}{} directly
checkRd: (-1) merge_vim.Rd:21: Lost braces in \itemize; \value handles \item{}{} directly
checkRd: (-1) merge_vim.Rd:22: Lost braces in \itemize; \value handles \item{}{} directly
checkRd: (-1) merge_vim.Rd:23: Lost braces in \itemize; \value handles \item{}{} directly
checkRd: (-1) merge_vim.Rd:24: Lost braces in \itemize; \value handles \item{}{} directly
checkRd: (-1) merge_vim.Rd:25: Lost braces in \itemize; \value handles \item{}{} directly
checkRd: (-1) merge_vim.Rd:26: Lost braces in \itemize; \value handles \item{}{} directly
checkRd: (-1) merge_vim.Rd:27: Lost braces in \itemize; \value handles \item{}{} directly
checkRd: (-1) merge_vim.Rd:28: Lost braces in \itemize; \value handles \item{}{} directly
Flavors: r-devel-linux-x86_64-debian-clang, r-devel-linux-x86_64-debian-gcc, r-devel-linux-x86_64-fedora-clang, r-devel-linux-x86_64-fedora-gcc, r-prerel-macos-arm64, r-prerel-windows-x86_64, r-patched-linux-x86_64