Last updated on 2024-04-19 11:57:05 CEST.
Flavor | Version | Tinstall | Tcheck | Ttotal | Status | Flags |
---|---|---|---|---|---|---|
r-devel-linux-x86_64-debian-clang | 1.0.3 | 100.65 | 172.33 | 272.98 | NOTE | |
r-devel-linux-x86_64-debian-gcc | 1.0.3 | NOTE | ||||
r-devel-linux-x86_64-fedora-clang | 1.0.3 | 355.46 | NOTE | |||
r-devel-linux-x86_64-fedora-gcc | 1.0.3 | 350.40 | NOTE | |||
r-prerel-macos-arm64 | 1.0.3 | 81.00 | NOTE | |||
r-prerel-windows-x86_64 | 1.0.3 | 69.00 | 139.00 | 208.00 | NOTE | |
r-patched-linux-x86_64 | 1.0.3 | 91.61 | 168.08 | 259.69 | NOTE | |
r-release-linux-x86_64 | 1.0.3 | 72.06 | 171.80 | 243.86 | OK | |
r-release-macos-arm64 | 1.0.3 | 97.00 | NOTE | |||
r-release-macos-x86_64 | 1.0.3 | 162.00 | NOTE | |||
r-release-windows-x86_64 | 1.0.3 | 95.00 | 187.00 | 282.00 | OK | |
r-oldrel-macos-arm64 | 1.0.3 | 75.00 | NOTE | |||
r-oldrel-windows-x86_64 | 1.0.3 | 90.00 | 186.00 | 276.00 | OK |
Version: 1.0.3
Check: Rd files
Result: NOTE
checkRd: (-1) LinRegChol.Rd:21: Lost braces; missing escapes or markup?
21 | Do linear regression of form (X^T O X + P)^{-1} X^T y where O is omega, P is
| ^
Flavors: r-devel-linux-x86_64-debian-clang, r-devel-linux-x86_64-debian-gcc, r-devel-linux-x86_64-fedora-clang, r-devel-linux-x86_64-fedora-gcc, r-prerel-macos-arm64, r-prerel-windows-x86_64, r-patched-linux-x86_64
Version: 1.0.3
Check: installed package size
Result: NOTE
installed size is 7.0Mb
sub-directories of 1Mb or more:
libs 6.6Mb
Flavors: r-prerel-macos-arm64, r-release-macos-arm64, r-release-macos-x86_64, r-oldrel-macos-arm64