CRAN Package Check Results for Package vfinputs

Last updated on 2025-02-22 12:51:01 CET.

Flavor Version Tinstall Tcheck Ttotal Status Flags
r-devel-linux-x86_64-debian-clang 0.1.0 3.23 33.96 37.19 OK
r-devel-linux-x86_64-debian-gcc 0.1.0 2.62 25.93 28.55 OK
r-devel-linux-x86_64-fedora-clang 0.1.0 63.41 OK
r-devel-linux-x86_64-fedora-gcc 0.1.0 56.32 OK
r-devel-macos-arm64 0.1.0 23.00 OK
r-devel-macos-x86_64 0.1.0 42.00 OK
r-devel-windows-x86_64 0.1.0 6.00 55.00 61.00 OK
r-patched-linux-x86_64 0.1.0 3.93 32.25 36.18 NOTE
r-release-linux-x86_64 0.1.0 3.69 31.88 35.57 NOTE
r-release-macos-arm64 0.1.0 25.00 NOTE
r-release-macos-x86_64 0.1.0 30.00 NOTE
r-release-windows-x86_64 0.1.0 6.00 53.00 59.00 NOTE
r-oldrel-macos-arm64 0.1.0 22.00 NOTE
r-oldrel-macos-x86_64 0.1.0 33.00 NOTE
r-oldrel-windows-x86_64 0.1.0 7.00 58.00 65.00 NOTE

Check Details

Version: 0.1.0
Check: LazyData
Result: NOTE 'LazyData' is specified without a 'data' directory Flavors: r-patched-linux-x86_64, r-release-linux-x86_64, r-release-macos-arm64, r-release-macos-x86_64, r-release-windows-x86_64, r-oldrel-macos-arm64, r-oldrel-macos-x86_64, r-oldrel-windows-x86_64