Last updated on 2025-02-01 12:48:42 CET.
Flavor | Version | Tinstall | Tcheck | Ttotal | Status | Flags |
---|---|---|---|---|---|---|
r-devel-linux-x86_64-debian-clang | 0.3.0 | 6.51 | 54.15 | 60.66 | NOTE | |
r-devel-linux-x86_64-debian-gcc | 0.3.0 | 4.60 | 39.11 | 43.71 | NOTE | |
r-devel-linux-x86_64-fedora-clang | 0.3.0 | 97.48 | NOTE | |||
r-devel-linux-x86_64-fedora-gcc | 0.3.0 | 89.35 | NOTE | |||
r-devel-windows-x86_64 | 0.3.0 | 9.00 | 70.00 | 79.00 | NOTE | |
r-patched-linux-x86_64 | 0.3.0 | 6.46 | 49.28 | 55.74 | OK | |
r-release-linux-x86_64 | 0.3.0 | 5.97 | 49.24 | 55.21 | OK | |
r-release-macos-arm64 | 0.3.0 | 32.00 | OK | |||
r-release-macos-x86_64 | 0.3.0 | 46.00 | OK | |||
r-release-windows-x86_64 | 0.3.0 | 10.00 | 69.00 | 79.00 | OK | |
r-oldrel-macos-arm64 | 0.3.0 | 39.00 | OK | |||
r-oldrel-macos-x86_64 | 0.3.0 | 58.00 | OK | |||
r-oldrel-windows-x86_64 | 0.3.0 | 10.00 | 81.00 | 91.00 | OK |
Version: 0.3.0
Check: compiled code
Result: NOTE
File ‘versus/libs/versus.so’:
Found non-API call to R: ‘STRING_PTR’
Compiled code should not call non-API entry points in R.
See ‘Writing portable packages’ in the ‘Writing R Extensions’ manual,
and section ‘Moving into C API compliance’ for issues with the use of
non-API entry points.
Flavors: r-devel-linux-x86_64-debian-clang, r-devel-linux-x86_64-debian-gcc, r-devel-linux-x86_64-fedora-clang, r-devel-linux-x86_64-fedora-gcc
Version: 0.3.0
Check: compiled code
Result: NOTE
File 'versus/libs/x64/versus.dll':
Found non-API call to R: 'STRING_PTR'
Compiled code should not call non-API entry points in R.
See 'Writing portable packages' in the 'Writing R Extensions' manual,
and section 'Moving into C API compliance' for issues with the use of
non-API entry points.
Flavor: r-devel-windows-x86_64