Last updated on 2023-02-02 21:50:23 CET.
Flavor | Version | Tinstall | Tcheck | Ttotal | Status | Flags |
---|---|---|---|---|---|---|
r-devel-linux-x86_64-debian-clang | 1.42 | 10.87 | 105.49 | 116.36 | NOTE | |
r-devel-linux-x86_64-debian-gcc | 1.42 | 8.27 | 76.78 | 85.05 | NOTE | |
r-devel-linux-x86_64-fedora-clang | 1.42 | 145.41 | NOTE | |||
r-devel-linux-x86_64-fedora-gcc | 1.42 | 141.57 | NOTE | |||
r-patched-linux-x86_64 | 1.42 | 16.55 | 99.73 | 116.28 | OK | |
r-release-linux-x86_64 | 1.42 | 11.19 | 99.92 | 111.11 | OK | |
r-release-macos-arm64 | 1.42 | 39.00 | OK | |||
r-release-macos-x86_64 | 1.42 | 90.00 | OK | |||
r-release-windows-x86_64 | 1.42 | 40.00 | 150.00 | 190.00 | OK | |
r-oldrel-macos-arm64 | 1.42 | 45.00 | OK | |||
r-oldrel-macos-x86_64 | 1.42 | 60.00 | OK | |||
r-oldrel-windows-ix86+x86_64 | 1.42 | 26.00 | 123.00 | 149.00 | OK |
Version: 1.42
Check: Rd files
Result: NOTE
checkRd: (-1) value.Rd:32: Escaped LaTeX specials: \$ \$
Flavors: r-devel-linux-x86_64-debian-clang, r-devel-linux-x86_64-debian-gcc, r-devel-linux-x86_64-fedora-clang, r-devel-linux-x86_64-fedora-gcc