CRAN Package Check Results for Package verification

Last updated on 2024-02-26 12:54:40 CET.

Flavor Version Tinstall Tcheck Ttotal Status Flags
r-devel-linux-x86_64-debian-clang 1.42 11.09 80.22 91.31 NOTE
r-devel-linux-x86_64-debian-gcc 1.42 7.73 61.56 69.29 NOTE
r-devel-linux-x86_64-fedora-clang 1.42 110.89 NOTE
r-devel-linux-x86_64-fedora-gcc 1.42 107.07 NOTE
r-devel-windows-x86_64 1.42 9.00 86.00 95.00 NOTE
r-patched-linux-x86_64 1.42 10.37 81.45 91.82 NOTE
r-release-linux-x86_64 1.42 11.26 79.00 90.26 NOTE
r-release-macos-arm64 1.42 38.00 NOTE
r-release-macos-x86_64 1.42 64.00 NOTE
r-release-windows-x86_64 1.42 12.00 98.00 110.00 NOTE
r-oldrel-macos-arm64 1.42 39.00 OK
r-oldrel-windows-x86_64 1.42 12.00 104.00 116.00 OK

Check Details

Version: 1.42
Check: Rd files
Result: NOTE checkRd: (-1) predcomp.test.Rd:51: Lost braces; missing escapes or markup? 51 | S = dbar/sqrt(2*pi*se_{d}(0)/N), | ^ checkRd: (-1) predcomp.test.Rd:53: Lost braces; missing escapes or markup? 53 | where d is the loss differential, d = e1 - e2 (e1 = loss(x, xhat1) and e2 = loss(x, xhat2)), dbar is its sample mean, and se_{d}(0) is the standard error for d, which must be estimated, and N is the length of the series investigated. Let V = 2*pi*se_{d}(0), then V is estimated by | ^ checkRd: (-1) predcomp.test.Rd:53: Lost braces; missing escapes or markup? 53 | where d is the loss differential, d = e1 - e2 (e1 = loss(x, xhat1) and e2 = loss(x, xhat2)), dbar is its sample mean, and se_{d}(0) is the standard error for d, which must be estimated, and N is the length of the series investigated. Let V = 2*pi*se_{d}(0), then V is estimated by | ^ checkRd: (-1) value.Rd:32: Escaped LaTeX specials: \$ \$ Flavors: r-devel-linux-x86_64-debian-clang, r-devel-linux-x86_64-debian-gcc

Version: 1.42
Check: Rd files
Result: NOTE checkRd: (-1) value.Rd:32: Escaped LaTeX specials: \$ \$ Flavors: r-devel-linux-x86_64-fedora-clang, r-devel-linux-x86_64-fedora-gcc, r-devel-windows-x86_64, r-patched-linux-x86_64, r-release-linux-x86_64, r-release-macos-arm64, r-release-macos-x86_64, r-release-windows-x86_64