Last updated on 2025-04-30 03:51:10 CEST.
Flavor | Version | Tinstall | Tcheck | Ttotal | Status | Flags |
---|---|---|---|---|---|---|
r-devel-linux-x86_64-debian-clang | 1.0 | 15.83 | 46.74 | 62.57 | NOTE | |
r-devel-linux-x86_64-debian-gcc | 1.0 | 12.85 | 36.49 | 49.34 | NOTE | |
r-devel-linux-x86_64-fedora-clang | 1.0 | 109.32 | OK | |||
r-devel-linux-x86_64-fedora-gcc | 1.0 | 106.18 | OK | |||
r-devel-windows-x86_64 | 1.0 | 23.00 | 79.00 | 102.00 | OK | |
r-patched-linux-x86_64 | 1.0 | 19.08 | 45.64 | 64.72 | OK | |
r-release-linux-x86_64 | 1.0 | 17.96 | 45.36 | 63.32 | OK | |
r-release-macos-arm64 | 1.0 | 32.00 | OK | |||
r-release-macos-x86_64 | 1.0 | 53.00 | OK | |||
r-release-windows-x86_64 | 1.0 | 23.00 | 83.00 | 106.00 | OK | |
r-oldrel-macos-arm64 | 1.0 | 32.00 | OK | |||
r-oldrel-macos-x86_64 | 1.0 | 45.00 | OK | |||
r-oldrel-windows-x86_64 | 1.0 | 25.00 | 97.00 | 122.00 | OK |
Version: 1.0
Check: examples
Result: NOTE
Examples with CPU (user + system) or elapsed time > 5s
user system elapsed
vennplot 6.688 0.064 8.231
Flavor: r-devel-linux-x86_64-debian-clang
Version: 1.0
Check: examples
Result: NOTE
Examples with CPU (user + system) or elapsed time > 5s
user system elapsed
vennplot 4.217 0.104 5.19
Flavor: r-devel-linux-x86_64-debian-gcc