Last updated on 2023-03-28 06:51:33 CEST.
Flavor | Version | Tinstall | Tcheck | Ttotal | Status | Flags |
---|---|---|---|---|---|---|
r-devel-linux-x86_64-debian-clang | 0.1.6 | 86.04 | 208.53 | 294.57 | NOTE | |
r-devel-linux-x86_64-debian-gcc | 0.1.6 | 75.78 | 158.63 | 234.41 | NOTE | |
r-devel-linux-x86_64-fedora-clang | 0.1.6 | 370.35 | NOTE | |||
r-devel-linux-x86_64-fedora-gcc | 0.1.6 | 388.87 | NOTE | |||
r-patched-linux-x86_64 | 0.1.6 | 76.65 | 200.34 | 276.99 | NOTE | |
r-release-linux-x86_64 | 0.1.6 | 65.20 | 198.48 | 263.68 | NOTE | |
r-release-macos-arm64 | 0.1.6 | 109.00 | NOTE | |||
r-release-macos-x86_64 | 0.1.6 | 139.00 | NOTE | |||
r-release-windows-x86_64 | 0.1.6 | 95.00 | 264.00 | 359.00 | NOTE | |
r-oldrel-macos-arm64 | 0.1.6 | 116.00 | NOTE | |||
r-oldrel-macos-x86_64 | 0.1.6 | 198.00 | NOTE | |||
r-oldrel-windows-ix86+x86_64 | 0.1.6 | 183.00 | 317.00 | 500.00 | NOTE |
Version: 0.1.6
Check: LazyData
Result: NOTE
'LazyData' is specified without a 'data' directory
Flavors: r-devel-linux-x86_64-debian-clang, r-devel-linux-x86_64-debian-gcc, r-devel-linux-x86_64-fedora-clang, r-devel-linux-x86_64-fedora-gcc, r-patched-linux-x86_64, r-release-linux-x86_64, r-release-macos-arm64, r-release-macos-x86_64, r-release-windows-x86_64, r-oldrel-macos-arm64, r-oldrel-macos-x86_64, r-oldrel-windows-ix86+x86_64
Version: 0.1.6
Check: installed package size
Result: NOTE
installed size is 26.9Mb
sub-directories of 1Mb or more:
libs 26.4Mb
Flavors: r-release-macos-arm64, r-release-macos-x86_64, r-oldrel-macos-arm64, r-oldrel-macos-x86_64