CRAN Package Check Results for Package vein

Last updated on 2022-01-19 12:54:24 CET.

Flavor Version Tinstall Tcheck Ttotal Status Flags
r-devel-linux-x86_64-debian-clang 0.9.4 OK
r-devel-linux-x86_64-debian-gcc 0.9.4 25.99 205.65 231.64 OK
r-devel-linux-x86_64-fedora-clang 0.9.4 360.34 NOTE
r-devel-linux-x86_64-fedora-gcc 0.9.4 343.65 NOTE
r-devel-windows-x86_64-new-UL 0.9.4 112.00 310.00 422.00 OK
r-devel-windows-x86_64-new-TK 0.9.4 NOTE
r-patched-linux-x86_64 0.9.4 31.70 263.29 294.99 OK
r-release-linux-x86_64 0.9.4 OK
r-release-macos-arm64 0.9.4 NOTE
r-release-macos-x86_64 0.9.4 NOTE
r-release-windows-ix86+x86_64 0.9.4 65.00 463.00 528.00 OK
r-oldrel-macos-x86_64 0.9.4 NOTE
r-oldrel-windows-ix86+x86_64 0.9.4 63.00 474.00 537.00 OK

Check Details

Version: 0.9.4
Check: data for non-ASCII characters
Result: NOTE
     Note: found 49 marked UTF-8 strings
Flavors: r-devel-linux-x86_64-fedora-clang, r-devel-linux-x86_64-fedora-gcc, r-devel-windows-x86_64-new-TK, r-release-macos-arm64, r-release-macos-x86_64, r-oldrel-macos-x86_64