Last updated on 2024-04-23 05:58:32 CEST.
Flavor | Version | Tinstall | Tcheck | Ttotal | Status | Flags |
---|---|---|---|---|---|---|
r-devel-linux-x86_64-debian-clang | 0.1.8 | 12.04 | 132.17 | 144.21 | OK | |
r-devel-linux-x86_64-debian-gcc | 0.1.8 | 10.68 | 103.25 | 113.93 | OK | |
r-devel-linux-x86_64-fedora-clang | 0.1.8 | 196.38 | NOTE | |||
r-devel-linux-x86_64-fedora-gcc | 0.1.8 | 182.36 | NOTE | |||
r-prerel-macos-arm64 | 0.1.8 | 55.00 | OK | |||
r-prerel-windows-x86_64 | 0.1.8 | 12.00 | 123.00 | 135.00 | OK | |
r-patched-linux-x86_64 | 0.1.8 | 18.09 | 128.16 | 146.25 | OK | |
r-release-linux-x86_64 | 0.1.8 | 11.70 | 131.77 | 143.47 | OK | |
r-release-macos-arm64 | 0.1.8 | 61.00 | OK | |||
r-release-macos-x86_64 | 0.1.8 | 106.00 | OK | |||
r-release-windows-x86_64 | 0.1.8 | 16.00 | 158.00 | 174.00 | OK | |
r-oldrel-macos-arm64 | 0.1.8 | 43.00 | OK | |||
r-oldrel-windows-x86_64 | 0.1.8 | 18.00 | 152.00 | 170.00 | OK |
Version: 0.1.8
Check: data for non-ASCII characters
Result: NOTE
Note: found 128 marked UTF-8 strings
Flavors: r-devel-linux-x86_64-fedora-clang, r-devel-linux-x86_64-fedora-gcc