CRAN Package Check Results for Package vegtable

Last updated on 2020-06-07 06:47:02 CEST.

Flavor Version Tinstall Tcheck Ttotal Status Flags
r-devel-linux-x86_64-debian-clang 0.1.6 27.19 164.36 191.55 OK
r-devel-linux-x86_64-debian-gcc 0.1.6 22.63 122.99 145.62 OK
r-devel-linux-x86_64-fedora-clang 0.1.6 238.79 NOTE
r-devel-linux-x86_64-fedora-gcc 0.1.6 231.19 NOTE
r-devel-windows-ix86+x86_64 0.1.6 71.00 237.00 308.00 OK
r-patched-linux-x86_64 0.1.6 24.93 158.69 183.62 OK
r-patched-solaris-x86 0.1.6 362.50 NOTE
r-release-linux-x86_64 0.1.6 24.62 158.54 183.16 OK
r-release-osx-x86_64 0.1.6 NOTE
r-release-windows-ix86+x86_64 0.1.6 71.00 226.00 297.00 OK
r-oldrel-osx-x86_64 0.1.6 NOTE
r-oldrel-windows-ix86+x86_64 0.1.6 60.00 152.00 212.00 OK

Check Details

Version: 0.1.6
Check: data for non-ASCII characters
Result: NOTE
     Note: found 128 marked UTF-8 strings
Flavors: r-devel-linux-x86_64-fedora-clang, r-devel-linux-x86_64-fedora-gcc, r-patched-solaris-x86, r-release-osx-x86_64, r-oldrel-osx-x86_64