CRAN Package Check Results for Package vdg

Last updated on 2022-12-09 21:54:01 CET.

Flavor Version Tinstall Tcheck Ttotal Status Flags
r-devel-linux-x86_64-debian-clang 1.2.2 14.23 189.18 203.41 OK
r-devel-linux-x86_64-debian-gcc 1.2.2 11.21 147.05 158.26 OK
r-devel-linux-x86_64-fedora-clang 1.2.2 263.73 NOTE
r-devel-linux-x86_64-fedora-gcc 1.2.2 268.65 NOTE
r-devel-windows-x86_64 1.2.2 31.00 316.00 347.00 OK
r-patched-linux-x86_64 1.2.2 19.80 179.95 199.75 OK
r-release-linux-x86_64 1.2.2 13.68 181.71 195.39 OK
r-release-macos-arm64 1.2.2 106.00 OK
r-release-macos-x86_64 1.2.2 120.00 OK
r-release-windows-x86_64 1.2.2 28.00 334.00 362.00 OK
r-oldrel-macos-arm64 1.2.1 102.00 OK
r-oldrel-macos-x86_64 1.2.1 123.00 OK
r-oldrel-windows-ix86+x86_64 1.2.1 33.00 285.00 318.00 OK

Check Details

Version: 1.2.2
Check: compiled code
Result: NOTE
    File ‘vdg/libs/vdg.so’:
     Found no calls to: ‘R_registerRoutines’, ‘R_useDynamicSymbols’
    
    It is good practice to register native routines and to disable symbol
    search.
    
    See ‘Writing portable packages’ in the ‘Writing R Extensions’ manual.
Flavors: r-devel-linux-x86_64-fedora-clang, r-devel-linux-x86_64-fedora-gcc