Last updated on 2024-04-24 21:55:02 CEST.
Flavor | Version | Tinstall | Tcheck | Ttotal | Status | Flags |
---|---|---|---|---|---|---|
r-devel-linux-x86_64-debian-clang | 0.6.5 | 51.06 | 278.83 | 329.89 | NOTE | |
r-devel-linux-x86_64-debian-gcc | 0.6.5 | 40.97 | 196.85 | 237.82 | NOTE | |
r-devel-linux-x86_64-fedora-clang | 0.6.5 | 424.72 | NOTE | |||
r-devel-linux-x86_64-fedora-gcc | 0.6.5 | 341.82 | NOTE | |||
r-devel-windows-x86_64 | 0.6.5 | 70.00 | 224.00 | 294.00 | OK | |
r-patched-linux-x86_64 | 0.6.5 | 52.51 | 259.69 | 312.20 | OK | |
r-release-linux-x86_64 | 0.6.5 | 47.97 | 260.53 | 308.50 | OK | |
r-release-macos-arm64 | 0.6.5 | 119.00 | OK | |||
r-release-windows-x86_64 | 0.6.5 | 68.00 | 220.00 | 288.00 | OK | |
r-oldrel-macos-arm64 | 0.6.5 | 114.00 | OK | |||
r-oldrel-macos-x86_64 | 0.6.5 | 269.00 | OK | |||
r-oldrel-windows-x86_64 | 0.6.5 | 79.00 | 283.00 | 362.00 | OK |
Version: 0.6.5
Check: compiled code
Result: NOTE
File ‘vctrs/libs/vctrs.so’:
Found non-API calls to R: ‘SETLENGTH’, ‘SET_ENCLOS’, ‘SET_S4_OBJECT’,
‘SET_TRUELENGTH’, ‘STDVEC_DATAPTR’, ‘UNSET_S4_OBJECT’
Compiled code should not call non-API entry points in R.
See ‘Writing portable packages’ in the ‘Writing R Extensions’ manual.
Flavor: r-devel-linux-x86_64-debian-clang
Version: 0.6.5
Check: compiled code
Result: NOTE
File ‘vctrs/libs/vctrs.so’:
Found non-API calls to R: ‘R_PromiseExpr’, ‘SETLENGTH’, ‘SET_ENCLOS’,
‘SET_S4_OBJECT’, ‘SET_TRUELENGTH’, ‘STDVEC_DATAPTR’,
‘UNSET_S4_OBJECT’
Compiled code should not call non-API entry points in R.
See ‘Writing portable packages’ in the ‘Writing R Extensions’ manual.
Flavors: r-devel-linux-x86_64-debian-gcc, r-devel-linux-x86_64-fedora-clang, r-devel-linux-x86_64-fedora-gcc