Last updated on 2024-04-19 11:57:05 CEST.
Flavor | Version | Tinstall | Tcheck | Ttotal | Status | Flags |
---|---|---|---|---|---|---|
r-devel-linux-x86_64-debian-clang | 1.0.1 | 33.75 | 80.85 | 114.60 | NOTE | |
r-devel-linux-x86_64-debian-gcc | 1.0.1 | NOTE | ||||
r-devel-linux-x86_64-fedora-clang | 1.0.1 | 156.11 | NOTE | |||
r-devel-linux-x86_64-fedora-gcc | 1.0.1 | 145.81 | NOTE | |||
r-prerel-macos-arm64 | 1.0.1 | 40.00 | NOTE | |||
r-prerel-windows-x86_64 | 1.0.1 | 30.00 | 91.00 | 121.00 | NOTE | |
r-patched-linux-x86_64 | 1.0.1 | 29.45 | 75.52 | 104.97 | NOTE | |
r-release-linux-x86_64 | 1.0.1 | 30.87 | 76.56 | 107.43 | NOTE | |
r-release-macos-arm64 | 1.0.1 | 46.00 | NOTE | |||
r-release-macos-x86_64 | 1.0.1 | 75.00 | NOTE | |||
r-release-windows-x86_64 | 1.0.1 | 38.00 | 110.00 | 148.00 | NOTE | |
r-oldrel-macos-arm64 | 1.0.1 | 43.00 | OK | |||
r-oldrel-windows-x86_64 | 1.0.1 | 35.00 | 110.00 | 145.00 | OK |
Version: 1.0.1
Check: package subdirectories
Result: NOTE
Problems with news in ‘NEWS.md’:
No news entries found.
Flavors: r-devel-linux-x86_64-debian-clang, r-devel-linux-x86_64-debian-gcc, r-devel-linux-x86_64-fedora-clang, r-devel-linux-x86_64-fedora-gcc, r-prerel-macos-arm64, r-prerel-windows-x86_64, r-patched-linux-x86_64, r-release-linux-x86_64, r-release-macos-arm64, r-release-macos-x86_64, r-release-windows-x86_64