CRAN Package Check Results for Package vasicek

Last updated on 2024-05-29 11:52:53 CEST.

Flavor Version Tinstall Tcheck Ttotal Status Flags
r-devel-linux-x86_64-debian-clang 0.0.3 2.18 22.28 24.46 NOTE
r-devel-linux-x86_64-debian-gcc 0.0.3 1.80 17.65 19.45 NOTE
r-devel-linux-x86_64-fedora-clang 0.0.3 33.39 NOTE
r-devel-linux-x86_64-fedora-gcc 0.0.3 30.88 NOTE
r-devel-windows-x86_64 0.0.3 3.00 40.00 43.00 NOTE
r-patched-linux-x86_64 0.0.3 2.23 22.52 24.75 NOTE
r-release-linux-x86_64 0.0.3 1.85 21.77 23.62 NOTE
r-release-macos-arm64 0.0.3 14.00 NOTE
r-release-windows-x86_64 0.0.3 3.00 40.00 43.00 NOTE
r-oldrel-macos-arm64 0.0.3 22.00 NOTE
r-oldrel-macos-x86_64 0.0.3 21.00 NOTE
r-oldrel-windows-x86_64 0.0.3 3.00 41.00 44.00 NOTE

Check Details

Version: 0.0.3
Check: LazyData
Result: NOTE 'LazyData' is specified without a 'data' directory Flavors: r-devel-linux-x86_64-debian-clang, r-devel-linux-x86_64-debian-gcc, r-devel-linux-x86_64-fedora-clang, r-devel-linux-x86_64-fedora-gcc, r-devel-windows-x86_64, r-patched-linux-x86_64, r-release-linux-x86_64, r-release-macos-arm64, r-release-windows-x86_64, r-oldrel-macos-arm64, r-oldrel-macos-x86_64, r-oldrel-windows-x86_64