Last updated on 2023-04-01 07:10:55 CEST.
Flavor | Version | Tinstall | Tcheck | Ttotal | Status | Flags |
---|---|---|---|---|---|---|
r-devel-linux-x86_64-debian-clang | 0.1.1 | 9.30 | 74.78 | 84.08 | NOTE | |
r-devel-linux-x86_64-debian-gcc | 0.1.1 | 7.23 | 56.87 | 64.10 | NOTE | |
r-devel-linux-x86_64-fedora-clang | 0.1.1 | 103.50 | NOTE | |||
r-devel-linux-x86_64-fedora-gcc | 0.1.1 | 100.91 | NOTE | |||
r-patched-linux-x86_64 | 0.1.1 | 7.94 | 70.73 | 78.67 | NOTE | |
r-release-linux-x86_64 | 0.1.1 | 8.28 | 69.88 | 78.16 | NOTE | |
r-release-macos-arm64 | 0.1.1 | 30.00 | NOTE | |||
r-release-macos-x86_64 | 0.1.1 | 43.00 | NOTE | |||
r-release-windows-x86_64 | 0.1.1 | 13.00 | 100.00 | 113.00 | NOTE | |
r-oldrel-macos-arm64 | 0.1.1 | 37.00 | NOTE | |||
r-oldrel-macos-x86_64 | 0.1.1 | 60.00 | NOTE | |||
r-oldrel-windows-ix86+x86_64 | 0.1.1 | 18.00 | 95.00 | 113.00 | NOTE |
Version: 0.1.1
Check: LazyData
Result: NOTE
'LazyData' is specified without a 'data' directory
Flavors: r-devel-linux-x86_64-debian-clang, r-devel-linux-x86_64-debian-gcc, r-devel-linux-x86_64-fedora-clang, r-devel-linux-x86_64-fedora-gcc, r-patched-linux-x86_64, r-release-linux-x86_64, r-release-macos-arm64, r-release-macos-x86_64, r-release-windows-x86_64, r-oldrel-macos-arm64, r-oldrel-macos-x86_64, r-oldrel-windows-ix86+x86_64