CRAN Package Check Results for Package vardpoor

Last updated on 2022-08-11 12:55:46 CEST.

Flavor Version Tinstall Tcheck Ttotal Status Flags
r-devel-linux-x86_64-debian-clang 0.20.1 12.92 108.46 121.38 NOTE
r-devel-linux-x86_64-debian-gcc 0.20.1 11.76 78.29 90.05 NOTE
r-devel-linux-x86_64-fedora-clang 0.20.1 140.57 NOTE
r-devel-linux-x86_64-fedora-gcc 0.20.1 138.19 NOTE
r-devel-windows-x86_64 0.20.1 32.00 106.00 138.00 NOTE
r-patched-linux-x86_64 0.20.1 14.40 93.01 107.41 NOTE
r-release-linux-x86_64 0.20.1 NOTE
r-release-macos-arm64 0.20.1 34.00 NOTE
r-release-macos-x86_64 0.20.1 46.00 NOTE
r-release-windows-x86_64 0.20.1 32.00 103.00 135.00 NOTE
r-oldrel-macos-arm64 0.20.1 40.00 NOTE
r-oldrel-macos-x86_64 0.20.1 65.00 NOTE
r-oldrel-windows-ix86+x86_64 0.20.1 24.00 98.00 122.00 NOTE

Check Details

Version: 0.20.1
Check: package subdirectories
Result: NOTE
    Problems with news in 'NEWS.md':
    No news entries found.
Flavors: r-devel-linux-x86_64-debian-clang, r-devel-linux-x86_64-debian-gcc, r-devel-linux-x86_64-fedora-clang, r-devel-linux-x86_64-fedora-gcc, r-devel-windows-x86_64

Version: 0.20.1
Check: LazyData
Result: NOTE
     'LazyData' is specified without a 'data' directory
Flavors: r-devel-linux-x86_64-debian-clang, r-devel-linux-x86_64-debian-gcc, r-devel-linux-x86_64-fedora-clang, r-devel-linux-x86_64-fedora-gcc, r-devel-windows-x86_64, r-patched-linux-x86_64, r-release-linux-x86_64, r-release-macos-arm64, r-release-macos-x86_64, r-release-windows-x86_64, r-oldrel-macos-arm64, r-oldrel-macos-x86_64, r-oldrel-windows-ix86+x86_64