CRAN Package Check Results for Package varband

Last updated on 2020-09-24 12:50:56 CEST.

Flavor Version Tinstall Tcheck Ttotal Status Flags
r-devel-linux-x86_64-debian-clang 0.9.0 32.02 56.75 88.77 OK
r-devel-linux-x86_64-debian-gcc 0.9.0 26.34 43.24 69.58 OK
r-devel-linux-x86_64-fedora-clang 0.9.0 139.96 NOTE
r-devel-linux-x86_64-fedora-gcc 0.9.0 116.40 NOTE
r-devel-windows-ix86+x86_64 0.9.0 86.00 95.00 181.00 OK
r-patched-linux-x86_64 0.9.0 27.89 55.48 83.37 OK
r-patched-solaris-x86 0.9.0 133.50 OK
r-release-linux-x86_64 0.9.0 31.45 55.64 87.09 OK
r-release-macos-x86_64 0.9.0 OK
r-release-windows-ix86+x86_64 0.9.0 69.00 123.00 192.00 OK
r-oldrel-macos-x86_64 0.9.0 OK
r-oldrel-windows-ix86+x86_64 0.9.0 51.00 110.00 161.00 OK

Check Details

Version: 0.9.0
Check: compiled code
Result: NOTE
    File ‘varband/libs/varband.so’:
     Found no calls to: ‘R_registerRoutines’, ‘R_useDynamicSymbols’
    
    It is good practice to register native routines and to disable symbol
    search.
    
    See ‘Writing portable packages’ in the ‘Writing R Extensions’ manual.
Flavors: r-devel-linux-x86_64-fedora-clang, r-devel-linux-x86_64-fedora-gcc