CRAN Package Check Results for Package varImp

Last updated on 2025-04-30 12:49:20 CEST.

Flavor Version Tinstall Tcheck Ttotal Status Flags
r-devel-linux-x86_64-debian-clang 0.4 7.76 89.81 97.57 OK
r-devel-linux-x86_64-debian-gcc 0.4 5.93 68.34 74.27 OK
r-devel-linux-x86_64-fedora-clang 0.4 150.24 OK
r-devel-linux-x86_64-fedora-gcc 0.4 142.12 OK
r-devel-windows-x86_64 0.4 9.00 102.00 111.00 OK
r-patched-linux-x86_64 0.4 7.57 85.81 93.38 OK
r-release-linux-x86_64 0.4 5.78 86.62 92.40 OK
r-release-macos-arm64 0.4 48.00 OK
r-release-macos-x86_64 0.4 75.00 OK
r-release-windows-x86_64 0.4 10.00 98.00 108.00 OK
r-oldrel-macos-arm64 0.4 45.00 NOTE
r-oldrel-macos-x86_64 0.4 67.00 NOTE
r-oldrel-windows-x86_64 0.4 11.00 116.00 127.00 NOTE

Check Details

Version: 0.4
Check: LazyData
Result: NOTE 'LazyData' is specified without a 'data' directory Flavors: r-oldrel-macos-arm64, r-oldrel-macos-x86_64, r-oldrel-windows-x86_64