CRAN Package Check Results for Package vannstats

Last updated on 2022-10-03 21:53:53 CEST.

Flavor Version Tinstall Tcheck Ttotal Status Flags
r-devel-linux-x86_64-debian-clang 1.2.7.14 13.34 104.53 117.87 OK
r-devel-linux-x86_64-debian-gcc 1.2.7.14 9.97 76.14 86.11 OK
r-devel-linux-x86_64-fedora-clang 1.2.7.14 150.75 NOTE
r-devel-linux-x86_64-fedora-gcc 1.2.7.14 152.66 NOTE
r-devel-windows-x86_64 1.2.7.14 28.00 135.00 163.00 OK
r-patched-linux-x86_64 1.2.7.14 8.51 94.13 102.64 OK
r-release-linux-x86_64 1.2.7.14 13.31 95.86 109.17 OK
r-release-macos-arm64 1.2.7.14 41.00 NOTE
r-release-macos-x86_64 1.2.7.14 56.00 NOTE
r-release-windows-x86_64 1.2.7.14 19.00 132.00 151.00 OK
r-oldrel-macos-arm64 1.2.7.14 39.00 NOTE
r-oldrel-macos-x86_64 1.2.7.14 53.00 NOTE
r-oldrel-windows-ix86+x86_64 1.2.7.14 31.00 119.00 150.00 OK

Check Details

Version: 1.2.7.14
Check: dependencies in R code
Result: NOTE
    Namespaces in Imports field not imported from:
     ‘MASS’ ‘car’ ‘tidyverse’
     All declared Imports should be used.
Flavors: r-devel-linux-x86_64-fedora-clang, r-devel-linux-x86_64-fedora-gcc, r-release-macos-arm64, r-release-macos-x86_64, r-oldrel-macos-arm64, r-oldrel-macos-x86_64