CRAN Package Check Results for Package valueEQ5D

Last updated on 2020-10-01 21:47:22 CEST.

Flavor Version Tinstall Tcheck Ttotal Status Flags
r-devel-linux-x86_64-debian-clang 0.5.2 3.44 41.93 45.37 OK
r-devel-linux-x86_64-debian-gcc 0.5.2 2.88 31.73 34.61 OK
r-devel-linux-x86_64-fedora-clang 0.5.2 66.43 NOTE
r-devel-linux-x86_64-fedora-gcc 0.5.2 54.33 NOTE
r-devel-windows-ix86+x86_64 0.5.2 6.00 46.00 52.00 OK
r-patched-linux-x86_64 0.5.2 3.93 40.34 44.27 OK
r-patched-solaris-x86 0.5.2 77.50 NOTE
r-release-linux-x86_64 0.5.2 3.91 40.34 44.25 OK
r-release-macos-x86_64 0.5.2 NOTE
r-release-windows-ix86+x86_64 0.5.2 9.00 61.00 70.00 OK
r-oldrel-macos-x86_64 0.5.2 NOTE
r-oldrel-windows-ix86+x86_64 0.5.2 6.00 55.00 61.00 OK

Check Details

Version: 0.5.2
Check: dependencies in R code
Result: NOTE
    Namespaces in Imports field not imported from:
     ‘rstudioapi’ ‘testthat’
     All declared Imports should be used.
Flavors: r-devel-linux-x86_64-fedora-clang, r-devel-linux-x86_64-fedora-gcc, r-patched-solaris-x86, r-release-macos-x86_64, r-oldrel-macos-x86_64