CRAN Package Check Results for Package valr

Last updated on 2022-05-16 12:55:15 CEST.

Flavor Version Tinstall Tcheck Ttotal Status Flags
r-devel-linux-x86_64-debian-clang 0.6.4 192.63 495.73 688.36 OK
r-devel-linux-x86_64-debian-gcc 0.6.4 156.07 372.72 528.79 OK
r-devel-linux-x86_64-fedora-clang 0.6.4 879.12 NOTE
r-devel-linux-x86_64-fedora-gcc 0.6.4 836.05 OK
r-devel-windows-x86_64 0.6.4 160.00 512.00 672.00 OK
r-patched-linux-x86_64 0.6.4 160.57 462.44 623.01 OK
r-release-linux-x86_64 0.6.4 148.99 459.73 608.72 OK
r-release-macos-arm64 0.6.4 206.00 NOTE
r-release-macos-x86_64 0.6.4 351.00 NOTE
r-release-windows-x86_64 0.6.4 170.00 502.00 672.00 OK
r-oldrel-macos-arm64 0.6.4 195.00 NOTE
r-oldrel-macos-x86_64 0.6.4 257.00 NOTE
r-oldrel-windows-ix86+x86_64 0.6.4 453.00 749.00 1202.00 OK

Check Details

Version: 0.6.4
Check: installed package size
Result: NOTE
     installed size is 6.7Mb
     sub-directories of 1Mb or more:
     libs 5.6Mb
Flavors: r-devel-linux-x86_64-fedora-clang, r-release-macos-arm64, r-release-macos-x86_64, r-oldrel-macos-arm64, r-oldrel-macos-x86_64