CRAN Package Check Results for Package vagalumeR

Last updated on 2023-11-28 12:52:06 CET.

Flavor Version Tinstall Tcheck Ttotal Status Flags
r-devel-linux-x86_64-debian-clang 0.1.6 1.72 21.15 22.87 NOTE
r-devel-linux-x86_64-debian-gcc 0.1.6 1.69 16.88 18.57 NOTE
r-devel-linux-x86_64-fedora-clang 0.1.6 30.38 NOTE
r-devel-linux-x86_64-fedora-gcc 0.1.6 28.04 NOTE
r-devel-windows-x86_64 0.1.6 3.00 41.00 44.00 NOTE
r-patched-linux-x86_64 0.1.6 2.02 21.05 23.07 NOTE
r-release-linux-x86_64 0.1.6 1.93 21.81 23.74 NOTE
r-release-macos-arm64 0.1.6 17.00 NOTE
r-release-macos-x86_64 0.1.6 19.00 NOTE
r-release-windows-x86_64 0.1.6 4.00 39.00 43.00 NOTE
r-oldrel-macos-arm64 0.1.6 15.00 NOTE
r-oldrel-macos-x86_64 0.1.6 27.00 NOTE
r-oldrel-windows-x86_64 0.1.6 4.00 42.00 46.00 NOTE

Check Details

Version: 0.1.6
Check: LazyData
Result: NOTE 'LazyData' is specified without a 'data' directory Flavors: r-devel-linux-x86_64-debian-clang, r-devel-linux-x86_64-debian-gcc, r-devel-linux-x86_64-fedora-clang, r-devel-linux-x86_64-fedora-gcc, r-devel-windows-x86_64, r-patched-linux-x86_64, r-release-linux-x86_64, r-release-macos-arm64, r-release-macos-x86_64, r-release-windows-x86_64, r-oldrel-macos-arm64, r-oldrel-macos-x86_64, r-oldrel-windows-x86_64