Last updated on 2024-04-18 12:53:06 CEST.
Flavor | Version | Tinstall | Tcheck | Ttotal | Status | Flags |
---|---|---|---|---|---|---|
r-devel-linux-x86_64-debian-clang | 1.0.5 | 2.09 | 22.30 | 24.39 | NOTE | |
r-devel-linux-x86_64-debian-gcc | 1.0.5 | 1.32 | 17.22 | 18.54 | NOTE | |
r-devel-linux-x86_64-fedora-clang | 1.0.5 | 33.79 | NOTE | |||
r-devel-linux-x86_64-fedora-gcc | 1.0.5 | 30.35 | NOTE | |||
r-prerel-macos-arm64 | 1.0.5 | 15.00 | NOTE | |||
r-prerel-windows-x86_64 | 1.0.5 | 3.00 | 45.00 | 48.00 | NOTE | |
r-patched-linux-x86_64 | 1.0.5 | 2.01 | 21.79 | 23.80 | NOTE | |
r-release-linux-x86_64 | 1.0.5 | 1.65 | 21.82 | 23.47 | NOTE | |
r-release-macos-arm64 | 1.0.5 | 18.00 | NOTE | |||
r-release-macos-x86_64 | 1.0.5 | 20.00 | NOTE | |||
r-release-windows-x86_64 | 1.0.5 | 3.00 | 41.00 | 44.00 | NOTE | |
r-oldrel-macos-arm64 | 1.0.5 | 15.00 | NOTE | |||
r-oldrel-windows-x86_64 | 1.0.5 | 3.00 | 49.00 | 52.00 | NOTE |
Version: 1.0.5
Check: package dependencies
Result: NOTE
Packages suggested but not available for checking: 'vaers', 'vaersND'
Flavors: r-devel-linux-x86_64-debian-clang, r-devel-linux-x86_64-debian-gcc, r-devel-linux-x86_64-fedora-clang, r-devel-linux-x86_64-fedora-gcc, r-prerel-macos-arm64, r-prerel-windows-x86_64, r-patched-linux-x86_64, r-release-linux-x86_64, r-release-macos-arm64, r-release-macos-x86_64, r-release-windows-x86_64, r-oldrel-macos-arm64, r-oldrel-windows-x86_64