Last updated on 2023-03-26 03:50:28 CEST.
Flavor | Version | Tinstall | Tcheck | Ttotal | Status | Flags |
---|---|---|---|---|---|---|
r-devel-linux-x86_64-debian-clang | 1.0.5 | 1.32 | 21.43 | 22.75 | NOTE | |
r-devel-linux-x86_64-debian-gcc | 1.0.5 | 1.70 | 17.15 | 18.85 | NOTE | |
r-devel-linux-x86_64-fedora-clang | 1.0.5 | 31.87 | NOTE | |||
r-devel-linux-x86_64-fedora-gcc | 1.0.5 | 29.80 | NOTE | |||
r-patched-linux-x86_64 | 1.0.5 | 2.00 | 20.91 | 22.91 | NOTE | |
r-release-linux-x86_64 | 1.0.5 | 1.90 | 22.33 | 24.23 | NOTE | |
r-release-macos-arm64 | 1.0.5 | 15.00 | NOTE | |||
r-release-macos-x86_64 | 1.0.5 | 20.00 | NOTE | |||
r-release-windows-x86_64 | 1.0.5 | 10.00 | 64.00 | 74.00 | NOTE | |
r-oldrel-macos-arm64 | 1.0.5 | 21.00 | NOTE | |||
r-oldrel-macos-x86_64 | 1.0.5 | 27.00 | NOTE | |||
r-oldrel-windows-ix86+x86_64 | 1.0.5 | 5.00 | 46.00 | 51.00 | NOTE |
Version: 1.0.5
Check: package dependencies
Result: NOTE
Packages suggested but not available for checking: 'vaers', 'vaersND'
Flavors: r-devel-linux-x86_64-debian-clang, r-devel-linux-x86_64-debian-gcc, r-devel-linux-x86_64-fedora-clang, r-devel-linux-x86_64-fedora-gcc, r-patched-linux-x86_64, r-release-linux-x86_64, r-release-macos-arm64, r-release-macos-x86_64, r-release-windows-x86_64, r-oldrel-macos-x86_64, r-oldrel-windows-ix86+x86_64
Version: 1.0.5
Check: package dependencies
Result: NOTE
Packages suggested but not available for checking:
'vaersNDvax', 'vaers', 'vaersND'
Flavor: r-oldrel-macos-arm64