Last updated on 2023-12-05 04:08:31 CET.
Flavor | Version | Tinstall | Tcheck | Ttotal | Status | Flags |
---|---|---|---|---|---|---|
r-devel-linux-x86_64-debian-clang | 0.1.7 | 10.44 | 141.28 | 151.72 | NOTE | |
r-devel-linux-x86_64-debian-gcc | 0.1.7 | 9.07 | 105.67 | 114.74 | NOTE | |
r-devel-linux-x86_64-fedora-clang | 0.1.7 | 187.87 | OK | |||
r-devel-linux-x86_64-fedora-gcc | 0.1.7 | 190.52 | OK | |||
r-devel-windows-x86_64 | 0.1.7 | 12.00 | 139.00 | 151.00 | OK | |
r-patched-linux-x86_64 | 0.1.7 | 19.31 | 135.94 | 155.25 | OK | |
r-release-linux-x86_64 | 0.1.7 | 10.61 | 133.59 | 144.20 | OK | |
r-release-macos-arm64 | 0.1.7 | 58.00 | OK | |||
r-release-macos-x86_64 | 0.1.7 | 103.00 | OK | |||
r-release-windows-x86_64 | 0.1.7 | 14.00 | 168.00 | 182.00 | OK | |
r-oldrel-macos-arm64 | 0.1.7 | 49.00 | OK | |||
r-oldrel-macos-x86_64 | 0.1.7 | 102.00 | OK | |||
r-oldrel-windows-x86_64 | 0.1.7 | 16.00 | 150.00 | 166.00 | OK |
Version: 0.1.7
Check: Rd files
Result: NOTE
checkRd: (-1) partition_fold.Rd:21-22: Lost braces
21 | \code{train}{The mldr dataset with train examples, that includes all
| ^
checkRd: (-1) partition_fold.Rd:23-24: Lost braces
23 | \code{test}{The mldr dataset with test examples, defined by the
| ^
checkRd: (-1) partition_fold.Rd:25-26: Lost braces
25 | \code{validation}{Optionally, only if \code{has.validation = TRUE}.
| ^
Flavors: r-devel-linux-x86_64-debian-clang, r-devel-linux-x86_64-debian-gcc