CRAN Package Check Results for Package utiml

Last updated on 2024-07-25 06:52:31 CEST.

Flavor Version Tinstall Tcheck Ttotal Status Flags
r-devel-linux-x86_64-debian-clang 0.1.7 9.94 148.06 158.00 NOTE
r-devel-linux-x86_64-debian-gcc 0.1.7 8.24 108.48 116.72 NOTE
r-devel-linux-x86_64-fedora-clang 0.1.7 196.22 NOTE
r-devel-linux-x86_64-fedora-gcc 0.1.7 201.16 NOTE
r-devel-windows-x86_64 0.1.7 12.00 142.00 154.00 NOTE
r-patched-linux-x86_64 0.1.7 17.08 134.41 151.49 NOTE
r-release-linux-x86_64 0.1.7 9.67 136.29 145.96 NOTE
r-release-macos-arm64 0.1.7 65.00 NOTE
r-release-macos-x86_64 0.1.7 92.00 NOTE
r-release-windows-x86_64 0.1.7 12.00 141.00 153.00 NOTE
r-oldrel-macos-arm64 0.1.7 58.00 OK
r-oldrel-macos-x86_64 0.1.7 103.00 OK
r-oldrel-windows-x86_64 0.1.7 15.00 171.00 186.00 OK

Check Details

Version: 0.1.7
Check: Rd files
Result: NOTE checkRd: (-1) partition_fold.Rd:21-22: Lost braces 21 | \code{train}{The mldr dataset with train examples, that includes all | ^ checkRd: (-1) partition_fold.Rd:23-24: Lost braces 23 | \code{test}{The mldr dataset with test examples, defined by the | ^ checkRd: (-1) partition_fold.Rd:25-26: Lost braces 25 | \code{validation}{Optionally, only if \code{has.validation = TRUE}. | ^ Flavors: r-devel-linux-x86_64-debian-clang, r-devel-linux-x86_64-debian-gcc, r-devel-linux-x86_64-fedora-clang, r-devel-linux-x86_64-fedora-gcc, r-devel-windows-x86_64, r-patched-linux-x86_64, r-release-linux-x86_64, r-release-macos-arm64, r-release-macos-x86_64, r-release-windows-x86_64

Version: 0.1.7
Check: Rd cross-references
Result: NOTE Found the following Rd file(s) with Rd \link{} targets missing package anchors: utiml.Rd: mldr Please provide package anchors for all Rd \link{} targets not in the package itself and the base packages. Flavors: r-devel-linux-x86_64-debian-gcc, r-devel-windows-x86_64