CRAN Package Check Results for Package usfertilizer

Last updated on 2024-05-26 03:00:19 CEST.

Flavor Version Tinstall Tcheck Ttotal Status Flags
r-devel-linux-x86_64-debian-clang 0.1.5 2.41 54.06 56.47 OK
r-devel-linux-x86_64-debian-gcc 0.1.5 2.06 43.29 45.35 OK
r-devel-linux-x86_64-fedora-clang 0.1.5 71.96 NOTE
r-devel-linux-x86_64-fedora-gcc 0.1.5 81.72 NOTE
r-devel-windows-x86_64 0.1.5 4.00 61.00 65.00 OK
r-patched-linux-x86_64 0.1.5 1.72 51.91 53.63 OK
r-release-linux-x86_64 0.1.5 1.75 51.10 52.85 OK
r-release-macos-arm64 0.1.5 39.00 OK
r-release-windows-x86_64 0.1.5 4.00 67.00 71.00 OK
r-oldrel-macos-arm64 0.1.5 36.00 OK
r-oldrel-macos-x86_64 0.1.5 56.00 OK
r-oldrel-windows-x86_64 0.1.5 4.00 66.00 70.00 OK

Check Details

Version: 0.1.5
Check: dependencies in R code
Result: NOTE Namespace in Imports field not imported from: ‘tidyverse’ All declared Imports should be used. Flavors: r-devel-linux-x86_64-fedora-clang, r-devel-linux-x86_64-fedora-gcc