CRAN Package Check Results for Package usedist

Last updated on 2023-06-09 12:58:30 CEST.

Flavor Version Tinstall Tcheck Ttotal Status Flags
r-devel-linux-x86_64-debian-clang 0.4.0 1.67 26.06 27.73 NOTE
r-devel-linux-x86_64-debian-gcc 0.4.0 1.72 20.84 22.56 NOTE
r-devel-linux-x86_64-fedora-clang 0.4.0 36.22 NOTE
r-devel-linux-x86_64-fedora-gcc 0.4.0 34.06 NOTE
r-devel-windows-x86_64 0.4.0 7.00 44.00 51.00 NOTE
r-patched-linux-x86_64 0.4.0 2.19 25.67 27.86 NOTE
r-release-linux-x86_64 0.4.0 1.67 25.67 27.34 NOTE
r-release-macos-arm64 0.4.0 17.00 NOTE
r-release-macos-x86_64 0.4.0 23.00 NOTE
r-release-windows-x86_64 0.4.0 3.00 44.00 47.00 NOTE
r-oldrel-macos-arm64 0.4.0 17.00 NOTE
r-oldrel-macos-x86_64 0.4.0 24.00 NOTE
r-oldrel-windows-x86_64 0.4.0 4.00 46.00 50.00 NOTE

Check Details

Version: 0.4.0
Check: LazyData
Result: NOTE
     'LazyData' is specified without a 'data' directory
Flavors: r-devel-linux-x86_64-debian-clang, r-devel-linux-x86_64-debian-gcc, r-devel-linux-x86_64-fedora-clang, r-devel-linux-x86_64-fedora-gcc, r-devel-windows-x86_64, r-patched-linux-x86_64, r-release-linux-x86_64, r-release-macos-arm64, r-release-macos-x86_64, r-release-windows-x86_64, r-oldrel-macos-arm64, r-oldrel-macos-x86_64, r-oldrel-windows-x86_64