Last updated on 2024-04-26 12:54:55 CEST.
Flavor | Version | Tinstall | Tcheck | Ttotal | Status | Flags |
---|---|---|---|---|---|---|
r-devel-linux-x86_64-debian-clang | 1.0.1 | 2.33 | 22.21 | 24.54 | OK | |
r-devel-linux-x86_64-debian-gcc | 1.0.1 | 1.72 | 17.19 | 18.91 | OK | |
r-devel-linux-x86_64-fedora-clang | 1.0.1 | 32.28 | NOTE | |||
r-devel-linux-x86_64-fedora-gcc | 1.0.1 | 29.52 | NOTE | |||
r-devel-windows-x86_64 | 1.0.1 | 3.00 | 39.00 | 42.00 | OK | |
r-patched-linux-x86_64 | 1.0.1 | 1.33 | 21.03 | 22.36 | OK | |
r-release-linux-x86_64 | 1.0.1 | 1.37 | 21.58 | 22.95 | OK | |
r-release-macos-arm64 | 1.0.1 | 15.00 | OK | |||
r-release-windows-x86_64 | 1.0.1 | 4.00 | 38.00 | 42.00 | OK | |
r-oldrel-macos-arm64 | 1.0.1 | 16.00 | OK | |||
r-oldrel-macos-x86_64 | 1.0.1 | 20.00 | OK | |||
r-oldrel-windows-x86_64 | 1.0.1 | 4.00 | 39.00 | 43.00 | OK |
Version: 1.0.1
Check: data for non-ASCII characters
Result: NOTE
Note: found 2 marked UTF-8 strings
Flavors: r-devel-linux-x86_64-fedora-clang, r-devel-linux-x86_64-fedora-gcc