Last updated on 2023-12-06 12:53:52 CET.
Flavor | Version | Tinstall | Tcheck | Ttotal | Status | Flags |
---|---|---|---|---|---|---|
r-devel-linux-x86_64-debian-clang | 1.0.1 | 2.23 | 21.41 | 23.64 | OK | |
r-devel-linux-x86_64-debian-gcc | 1.0.1 | 1.40 | 17.01 | 18.41 | OK | |
r-devel-linux-x86_64-fedora-clang | 1.0.1 | 30.64 | NOTE | |||
r-devel-linux-x86_64-fedora-gcc | 1.0.1 | 28.69 | NOTE | |||
r-devel-windows-x86_64 | 1.0.1 | 3.00 | 41.00 | 44.00 | OK | |
r-patched-linux-x86_64 | 1.0.1 | 1.76 | 21.14 | 22.90 | OK | |
r-release-linux-x86_64 | 1.0.1 | 1.30 | 21.23 | 22.53 | OK | |
r-release-macos-arm64 | 1.0.1 | 16.00 | OK | |||
r-release-macos-x86_64 | 1.0.1 | 20.00 | OK | |||
r-release-windows-x86_64 | 1.0.1 | 4.00 | 40.00 | 44.00 | OK | |
r-oldrel-macos-arm64 | 1.0.1 | 16.00 | NOTE | |||
r-oldrel-macos-x86_64 | 1.0.1 | 24.00 | NOTE | |||
r-oldrel-windows-x86_64 | 1.0.1 | 4.00 | 41.00 | 45.00 | OK |
Version: 1.0.1
Check: data for non-ASCII characters
Result: NOTE
Note: found 2 marked UTF-8 strings
Flavors: r-devel-linux-x86_64-fedora-clang, r-devel-linux-x86_64-fedora-gcc, r-oldrel-macos-arm64, r-oldrel-macos-x86_64