Last updated on 2023-02-06 21:55:02 CET.
Flavor | Version | Tinstall | Tcheck | Ttotal | Status | Flags |
---|---|---|---|---|---|---|
r-devel-linux-x86_64-debian-clang | 1.7.3 | 82.65 | 38.01 | 120.66 | OK | |
r-devel-linux-x86_64-debian-gcc | 1.7.3 | 60.58 | 28.77 | 89.35 | OK | |
r-devel-linux-x86_64-fedora-clang | 1.7.3 | 169.36 | NOTE | |||
r-devel-linux-x86_64-fedora-gcc | 1.7.3 | 174.62 | NOTE | |||
r-devel-windows-x86_64 | 1.7.3 | 86.00 | 95.00 | 181.00 | OK | |
r-patched-linux-x86_64 | 1.7.3 | 61.97 | 36.50 | 98.47 | OK | |
r-release-linux-x86_64 | 1.7.3 | 65.19 | 37.05 | 102.24 | OK | |
r-release-macos-arm64 | 1.7.3 | 44.00 | NOTE | |||
r-release-macos-x86_64 | 1.7.3 | 62.00 | NOTE | |||
r-release-windows-x86_64 | 1.7.3 | 80.00 | 101.00 | 181.00 | OK | |
r-oldrel-macos-arm64 | 1.7.3 | 51.00 | NOTE | |||
r-oldrel-macos-x86_64 | 1.7.3 | 80.00 | NOTE | |||
r-oldrel-windows-ix86+x86_64 | 1.7.3 | 177.00 | 99.00 | 276.00 | OK |
Version: 1.7.3
Check: Rd cross-references
Result: NOTE
Undeclared package ‘httr’ in Rd xrefs
Flavor: r-devel-linux-x86_64-fedora-clang
Version: 1.7.3
Check: data for non-ASCII characters
Result: NOTE
Note: found 488 marked UTF-8 strings
Flavors: r-devel-linux-x86_64-fedora-clang, r-devel-linux-x86_64-fedora-gcc, r-release-macos-arm64, r-release-macos-x86_64, r-oldrel-macos-arm64, r-oldrel-macos-x86_64