CRAN Package Check Results for Package urltools

Last updated on 2022-09-28 03:55:10 CEST.

Flavor Version Tinstall Tcheck Ttotal Status Flags
r-devel-linux-x86_64-debian-clang 1.7.3 72.79 38.30 111.09 OK
r-devel-linux-x86_64-debian-gcc 1.7.3 59.91 29.79 89.70 OK
r-devel-linux-x86_64-fedora-clang 1.7.3 180.44 NOTE
r-devel-linux-x86_64-fedora-gcc 1.7.3 164.53 NOTE
r-devel-windows-x86_64 1.7.3 84.00 93.00 177.00 OK
r-patched-linux-x86_64 1.7.3 65.63 37.02 102.65 OK
r-release-linux-x86_64 1.7.3 64.48 36.08 100.56 OK
r-release-macos-arm64 1.7.3 44.00 NOTE
r-release-macos-x86_64 1.7.3 62.00 NOTE
r-release-windows-x86_64 1.7.3 89.00 92.00 181.00 OK
r-oldrel-macos-arm64 1.7.3 51.00 NOTE
r-oldrel-macos-x86_64 1.7.3 80.00 NOTE
r-oldrel-windows-ix86+x86_64 1.7.3 182.00 99.00 281.00 OK

Check Details

Version: 1.7.3
Check: Rd cross-references
Result: NOTE
    Undeclared package ‘httr’ in Rd xrefs
Flavor: r-devel-linux-x86_64-fedora-clang

Version: 1.7.3
Check: data for non-ASCII characters
Result: NOTE
     Note: found 488 marked UTF-8 strings
Flavors: r-devel-linux-x86_64-fedora-clang, r-devel-linux-x86_64-fedora-gcc, r-release-macos-arm64, r-release-macos-x86_64, r-oldrel-macos-arm64, r-oldrel-macos-x86_64