CRAN Package Check Results for Package uqr

Last updated on 2020-02-18 12:47:37 CET.

Flavor Version Tinstall Tcheck Ttotal Status Flags
r-devel-linux-x86_64-debian-clang 1.0.0 9.86 84.43 94.29 OK
r-devel-linux-x86_64-debian-gcc 1.0.0 8.85 63.91 72.76 OK
r-devel-linux-x86_64-fedora-clang 1.0.0 115.95 NOTE
r-devel-linux-x86_64-fedora-gcc 1.0.0 110.37 NOTE
r-devel-windows-ix86+x86_64 1.0.0 24.00 102.00 126.00 OK
r-devel-windows-ix86+x86_64-gcc8 1.0.0 37.00 96.00 133.00 OK
r-patched-linux-x86_64 1.0.0 8.84 70.30 79.14 OK
r-patched-solaris-x86 1.0.0 156.90 NOTE
r-release-linux-x86_64 1.0.0 7.18 70.47 77.65 OK
r-release-windows-ix86+x86_64 1.0.0 20.00 87.00 107.00 OK
r-release-osx-x86_64 1.0.0 NOTE
r-oldrel-windows-ix86+x86_64 1.0.0 12.00 99.00 111.00 OK
r-oldrel-osx-x86_64 1.0.0 NOTE

Check Details

Version: 1.0.0
Check: dependencies in R code
Result: NOTE
    Namespace in Imports field not imported from: ‘base’
     All declared Imports should be used.
Flavors: r-devel-linux-x86_64-fedora-clang, r-devel-linux-x86_64-fedora-gcc, r-patched-solaris-x86, r-release-osx-x86_64, r-oldrel-osx-x86_64