CRAN Package Check Results for Package uqr

Last updated on 2020-09-25 21:48:58 CEST.

Flavor Version Tinstall Tcheck Ttotal Status Flags
r-devel-linux-x86_64-debian-clang 1.0.0 10.06 84.40 94.46 OK
r-devel-linux-x86_64-debian-gcc 1.0.0 8.95 66.05 75.00 OK
r-devel-linux-x86_64-fedora-clang 1.0.0 140.98 NOTE
r-devel-linux-x86_64-fedora-gcc 1.0.0 113.07 NOTE
r-devel-windows-ix86+x86_64 1.0.0 24.00 116.00 140.00 OK
r-patched-linux-x86_64 1.0.0 9.85 78.51 88.36 OK
r-patched-solaris-x86 1.0.0 175.00 NOTE
r-release-linux-x86_64 1.0.0 7.45 78.83 86.28 OK
r-release-macos-x86_64 1.0.0 NOTE
r-release-windows-ix86+x86_64 1.0.0 26.00 111.00 137.00 OK
r-oldrel-macos-x86_64 1.0.0 NOTE
r-oldrel-windows-ix86+x86_64 1.0.0 22.00 95.00 117.00 OK

Check Details

Version: 1.0.0
Check: dependencies in R code
Result: NOTE
    Namespace in Imports field not imported from: ‘base’
     All declared Imports should be used.
Flavors: r-devel-linux-x86_64-fedora-clang, r-devel-linux-x86_64-fedora-gcc, r-patched-solaris-x86, r-release-macos-x86_64, r-oldrel-macos-x86_64