CRAN Package Check Results for Package unvotes

Last updated on 2023-12-05 12:50:25 CET.

Flavor Version Tinstall Tcheck Ttotal Status Flags
r-devel-linux-x86_64-debian-clang 0.3.0 5.38 41.55 46.93 OK
r-devel-linux-x86_64-debian-gcc 0.3.0 5.20 32.61 37.81 OK
r-devel-linux-x86_64-fedora-clang 0.3.0 61.51 NOTE
r-devel-linux-x86_64-fedora-gcc 0.3.0 71.31 NOTE
r-devel-windows-x86_64 0.3.0 6.00 58.00 64.00 OK
r-patched-linux-x86_64 0.3.0 5.84 41.02 46.86 OK
r-release-linux-x86_64 0.3.0 5.71 41.45 47.16 OK
r-release-macos-arm64 0.3.0 35.00 OK
r-release-macos-x86_64 0.3.0 53.00 OK
r-release-windows-x86_64 0.3.0 6.00 61.00 67.00 OK
r-oldrel-macos-arm64 0.3.0 38.00 OK
r-oldrel-macos-x86_64 0.3.0 35.00 NOTE
r-oldrel-windows-x86_64 0.3.0 10.00 62.00 72.00 OK

Check Details

Version: 0.3.0
Check: data for non-ASCII characters
Result: NOTE Note: found 7872 marked UTF-8 strings Flavors: r-devel-linux-x86_64-fedora-clang, r-devel-linux-x86_64-fedora-gcc, r-oldrel-macos-x86_64